{"id":12,"date":"2015-07-28T13:58:27","date_gmt":"2015-07-28T11:58:27","guid":{"rendered":"https:\/\/www.mehrgenerationenhaus-hassfurt.de\/mgh\/?page_id=12"},"modified":"2021-01-12T20:22:52","modified_gmt":"2021-01-12T19:22:52","slug":"unser-mgh","status":"publish","type":"page","link":"https:\/\/www.mehrgenerationenhaus-hassfurt.de\/mgh\/unser-mgh\/","title":{"rendered":"Unser MGH: Mehrgenerationenhaus Ha\u00dffurt"},"content":{"rendered":"<h1 style=\"margin-top:58px; font-weight: normal;\">Mehrgenerationenhaus Ha\u00dffurt<br>\nBRK Kreisverband Ha\u00dfberge<\/h1>\n<p><!-- <img decoding=\"async\" class=\"alignright size-full wp-image-32208\" style=\"margin-top: -70px; margin-right: -10px; margin-bottom: -40px; transform: rotate(0deg);\" src=\"https:\/\/www.mehrgenerationenhaus-hassfurt.de\/mgh\/wp-cnt\/uploads\/Logo_MGH_mit-Claim_200x.jpg\" alt=\"Mehrgenerationenhaus Ha\u00dffurt\" width=\"200\" srcset=\"https:\/\/www.mehrgenerationenhaus-hassfurt.de\/mgh\/wp-cnt\/uploads\/Logo_MGH_mit-Claim_200x.jpg 200w, https:\/\/www.mehrgenerationenhaus-hassfurt.de\/mgh\/wp-cnt\/uploads\/Logo_MGH_mit-Claim_200x-150x33.jpg 150w\" sizes=\"(max-width: 200px) 100vw, 200px\" \/> --> <!-- [weaver_hide_if_mobile] --><br>\n<\/p><div id=\"attachment_47159\" style=\"width: 210px\" class=\"wp-caption alignright\"><a href=\"https:\/\/mgh-lnw-bayern.de\/in-eigener-sache\/die-mitglieder-im-landesnetzwerk\" target=\"_blank\" rel=\"noopener noreferrer\"><img loading=\"lazy\" decoding=\"async\" aria-describedby=\"caption-attachment-47159\" class=\"size-full wp-image-47159\" style=\"margin-top: -40px; margin-right: -20px; margin-bottom: 20px;\" src=\"https:\/\/www.mehrgenerationenhaus-hassfurt.de\/mgh\/wp-cnt\/uploads\/MGH_LNWBay_Logo_200.jpg\" alt=\"Wir sind Mitglied im Netzwerk bayerischer Mehrgenerationenh\u00e4user e.V.\" width=\"200\" height=\"109\"><\/a><p id=\"caption-attachment-47159\" class=\"wp-caption-text\">Wir sind Mit\u00adglied im Netz\u00adwerk baye\u00adri\u00adscher Mehr\u00adge\u00adne\u00adra\u00adtio\u00adnen\u00adh\u00e4u\u00adser e.V.<\/p><\/div>\n<!-- [\/weaver_hide_if_mobile] --><br>\n<!-- <img decoding=\"async\" class=\"alignright\" style=\"margin-top: -0px; margin-bottom: 10px;\" title=\"Bundesprogramm 2017\" src=\"https:\/\/www.mehrgenerationenhaus-hassfurt.de\/mgh\/wp-cnt\/uploads\/bundesprog_mgh_0532_280_r.png\" alt=\"Unser MGH: Mehrgenerationenhaus Ha\u00dffurt im Bundesprogramm 2017\" width=\"280\" \/> --> <!--[weaver_show_if_mobile]\n[caption id=\"attachment_47159\" align=\"alignnone\" width=\"200\"]<a href=\"https:\/\/mgh-lnw-bayern.de\/in-eigener-sache\/die-mitglieder-im-landesnetzwerk\" target=\"_blank\" rel=\"noopener noreferrer\"><img loading=\"lazy\" decoding=\"async\" class=\"size-full wp-image-47159\" style=\"margin-top: 10px; margin-right: -20px; margin-bottom: 20px;\" src=\"https:\/\/www.mehrgenerationenhaus-hassfurt.de\/mgh\/wp-cnt\/uploads\/MGH_LNWBay_Logo_200.jpg\" alt=\"Wir sind Mitglied im Netzwerk bayerischer Mehrgenerationenh\u00e4user e.V.\" width=\"200\" height=\"109\" \/><\/a> Wir sind Mitglied im Netzwerk bayerischer Mehrgenerationenh\u00e4user e.V.[\/weaver_show_if_mobile] -->\n<p><!-- <img decoding=\"async\" class=\"alignleft\" title=\"Bundesprogramm 2017\" src=\"https:\/\/www.mehrgenerationenhaus-hassfurt.de\/mgh\/wp-cnt\/uploads\/bundesprog_mgh_0532_280_r.png\" alt=\"Unser MGH: Mehrgenerationenhaus Ha\u00dffurt im Bundesprogramm 2017\" width=\"280\" \/> --><\/p>\n<p style=\"margin-top: -80px; text-align: left;\">Wir vom <a href=\"https:\/\/www.kvhassberge.brk.de\/\" target=\"_blank\" rel=\"noopener noreferrer\"><span style=\"color: #333333;\">Baye\u00adri\u00adschen Ro\u00adten Kreuz Kreis\u00adver\u00adband <br>Ha\u00df\u00adber\u00adge<\/span><\/a> sind Teil ei\u00adner welt\u00adwei\u00adten Ge\u00admein\u00adschaft von Men\u00adschen in der in\u00adter\u00adna\u00adtio\u00adna\u00adlen Rot\u00adkreuz\u00adbe\u00adwe\u00adgung, die Op\u00adfern von Kon\u00adflik\u00adten, Ka\u00adta\u00adstro\u00adphen so\u00adwie an\u00adde\u00adren hilfs\u00adbe\u00add\u00fcrf\u00adti\u00adgen Men\u00adschen un\u00adter\u00adschieds\u00adlos Hil\u00adfe ge\u00adw\u00e4hrt, al\u00adlein nach dem Ma\u00df ih\u00adrer&nbsp;Not.<\/p>\n<p>Im Zei\u00adchen der Mensch\u00adlich\u00adkeit set\u00adzen wir uns f\u00fcr das Le\u00adben, die Ge\u00adsund\u00adheit, das Wohl\u00aderge\u00adhen, den Schutz, das fried\u00adli\u00adche Zu\u00adsam\u00admen\u00adle\u00adben so\u00adwie die W\u00fcr\u00adde al\u00adler Men\u00adschen ein.<\/p>\n<p style=\"text-align: left; font-weight: bold;\">Mit un\u00adse\u00adrem Mehr\u00adge\u00adne\u00adra\u00adtio\u00adnen\u00adhaus m\u00f6ch\u00adten wir das Mit\u00adein\u00adan\u00adder der Gene\u00adrationen neu be\u00adle\u00adben und st\u00e4r\u00adken. Mit Ideen und <a href=\"https:\/\/www.mehrgenerationenhaus-hassfurt.de\/mgh\/angebote\/\">En\u00adga\u00adge\u00adment in den ver\u00adschie\u00adden\u00adsten Be\u00adrei\u00adchen<\/a> la\u00adden wir Sie als B\u00fcr\u00adger und B\u00fcr\u00adge\u00adrin\u00adnen des Land\u00adkrei\u00adses ein, et\u00adwas dazu beizu\u00adtra\u00adgen, um die Ge\u00admein\u00adschaft zu f\u00f6rdern.<\/p>\n<p><img loading=\"lazy\" decoding=\"async\" class=\"alignleft size-full wp-image-22575\" src=\"https:\/\/www.mehrgenerationenhaus-hassfurt.de\/mgh\/wp-cnt\/uploads\/willk_brk_n_576.jpg\" alt=\"Willkommen im BRK KV Ha\u00dfberge\" width=\"576\" height=\"113\" srcset=\"https:\/\/www.mehrgenerationenhaus-hassfurt.de\/mgh\/wp-cnt\/uploads\/willk_brk_n_576.jpg 576w, https:\/\/www.mehrgenerationenhaus-hassfurt.de\/mgh\/wp-cnt\/uploads\/willk_brk_n_576-150x29.jpg 150w, https:\/\/www.mehrgenerationenhaus-hassfurt.de\/mgh\/wp-cnt\/uploads\/willk_brk_n_576-300x59.jpg 300w, https:\/\/www.mehrgenerationenhaus-hassfurt.de\/mgh\/wp-cnt\/uploads\/willk_brk_n_576-500x98.jpg 500w\" sizes=\"auto, (max-width: 576px) 100vw, 576px\"><\/p>\n<p>&nbsp;<\/p>\n<hr>\n<h6 style=\"margin-top: -10px; color: #cccccc;\">Unser MGH: Mehrgenerationenhaus Ha\u00dffurt<\/h6>\n","protected":false},"excerpt":{"rendered":"<p>Mehr\u00adge\u00adne\u00adra\u00adtio\u00adnen\u00adhaus Ha\u00df\u00adfurt BRK Kreis\u00adver\u00adband Ha\u00df\u00adber\u00adge Wir vom Baye\u00adri\u00adschen Ro\u00adten Kreuz Kreis\u00adver\u00adband Ha\u00df\u00adber\u00adge sind Teil ei\u00adner welt\u00adwei\u00adten Ge\u00admein\u00adschaft von Men\u00adschen in der in\u00adter\u00adna\u00adtio\u00adna\u00adlen Rot\u00adkreuz\u00adbe\u00adwe\u00adgung, die Op\u00adfern von Kon\u00adflik\u00adten, Ka\u00adta\u00adstro\u00adphen so\u00adwie an\u00adde\u00adren hilfs\u00adbe\u00add\u00fcrf\u00adti\u00adgen Men\u00adschen un\u00adter\u00adschieds\u00adlos Hil\u00adfe ge\u00adw\u00e4hrt, al\u00adlein nach dem Ma\u00df ih\u00adrer&nbsp;Not. Im Zei\u00adchen der Mensch\u00adlich\u00adkeit set\u00adzen wir uns f\u00fcr das Le\u00adben, die Ge\u00adsund\u00adheit, das Wohl\u00aderge\u00adhen,&nbsp;den&nbsp;<\/p>\n<p class=\"excerpt-link\"><a class=\"read-more\" href=\"https:\/\/www.mehrgenerationenhaus-hassfurt.de\/mgh\/unser-mgh\/\">Read More \u2192<\/a><\/p>\n","protected":false},"author":3,"featured_media":0,"parent":0,"menu_order":0,"comment_status":"closed","ping_status":"closed","template":"","meta":{"inline_featured_image":false,"wp_typography_post_enhancements_disabled":false,"_mc_calendar":[],"footnotes":""},"class_list":["post-12","page","type-page","status-publish","hentry"],"yoast_head":"<!-- This site is optimized with the Yoast SEO plugin v26.9 - https:\/\/yoast.com\/product\/yoast-seo-wordpress\/ -->\n<title>Unser MGH: Mehrgenerationenhaus Ha\u00dffurt (BRK)<\/title>\n<meta name=\"description\" content=\"Unser MGH - Wir vom BRK KVB Ha\u00dfberge laden Sie als B\u00fcrger des Landkreises ein, mit Ideen und Engagement in den versch. Bereichen...\" \/>\n<meta name=\"robots\" content=\"index, follow, max-snippet:-1, max-image-preview:large, max-video-preview:-1\" \/>\n<link rel=\"canonical\" href=\"https:\/\/www.mehrgenerationenhaus-hassfurt.de\/mgh\/unser-mgh\/\" \/>\n<meta property=\"og:locale\" content=\"de_DE\" \/>\n<meta property=\"og:type\" content=\"article\" \/>\n<meta property=\"og:title\" content=\"Unser MGH: Mehrgenerationenhaus Ha\u00dffurt (BRK)\" \/>\n<meta property=\"og:description\" content=\"Unser MGH - Wir vom BRK KVB Ha\u00dfberge laden Sie als B\u00fcrger des Landkreises ein, mit Ideen und Engagement in den versch. Bereichen...\" \/>\n<meta property=\"og:url\" content=\"https:\/\/www.mehrgenerationenhaus-hassfurt.de\/mgh\/unser-mgh\/\" \/>\n<meta property=\"og:site_name\" content=\"Mehrgenerationenhaus Ha\u00dffurt\" \/>\n<meta property=\"article:publisher\" content=\"https:\/\/de-de.facebook.com\/mehrgenerationenhausHAS\/\" \/>\n<meta property=\"article:modified_time\" content=\"2021-01-12T19:22:52+00:00\" \/>\n<meta property=\"og:image\" content=\"https:\/\/www.mehrgenerationenhaus-hassfurt.de\/mgh\/wp-cnt\/uploads\/Logo_MGH_mit-Claim_200x.jpg\" \/>\n<!-- \/ Yoast SEO plugin. -->","yoast_head_json":{"title":"Unser MGH: Mehrgenerationenhaus Ha\u00dffurt (BRK)","description":"Unser MGH - Wir vom BRK KVB Ha\u00dfberge laden Sie als B\u00fcrger des Landkreises ein, mit Ideen und Engagement in den versch. Bereichen...","robots":{"index":"index","follow":"follow","max-snippet":"max-snippet:-1","max-image-preview":"max-image-preview:large","max-video-preview":"max-video-preview:-1"},"canonical":"https:\/\/www.mehrgenerationenhaus-hassfurt.de\/mgh\/unser-mgh\/","og_locale":"de_DE","og_type":"article","og_title":"Unser MGH: Mehrgenerationenhaus Ha\u00dffurt (BRK)","og_description":"Unser MGH - Wir vom BRK KVB Ha\u00dfberge laden Sie als B\u00fcrger des Landkreises ein, mit Ideen und Engagement in den versch. Bereichen...","og_url":"https:\/\/www.mehrgenerationenhaus-hassfurt.de\/mgh\/unser-mgh\/","og_site_name":"Mehrgenerationenhaus Ha\u00dffurt","article_publisher":"https:\/\/de-de.facebook.com\/mehrgenerationenhausHAS\/","article_modified_time":"2021-01-12T19:22:52+00:00","og_image":[{"url":"https:\/\/www.mehrgenerationenhaus-hassfurt.de\/mgh\/wp-cnt\/uploads\/Logo_MGH_mit-Claim_200x.jpg","type":"","width":"","height":""}],"schema":{"@context":"https:\/\/schema.org","@graph":[{"@type":"WebPage","@id":"https:\/\/www.mehrgenerationenhaus-hassfurt.de\/mgh\/unser-mgh\/","url":"https:\/\/www.mehrgenerationenhaus-hassfurt.de\/mgh\/unser-mgh\/","name":"Unser MGH: Mehrgenerationenhaus Ha\u00dffurt (BRK)","isPartOf":{"@id":"https:\/\/www.mehrgenerationenhaus-hassfurt.de\/mgh\/#website"},"primaryImageOfPage":{"@id":"https:\/\/www.mehrgenerationenhaus-hassfurt.de\/mgh\/unser-mgh\/#primaryimage"},"image":{"@id":"https:\/\/www.mehrgenerationenhaus-hassfurt.de\/mgh\/unser-mgh\/#primaryimage"},"thumbnailUrl":"https:\/\/www.mehrgenerationenhaus-hassfurt.de\/mgh\/wp-cnt\/uploads\/Logo_MGH_mit-Claim_200x.jpg","datePublished":"2015-07-28T11:58:27+00:00","dateModified":"2021-01-12T19:22:52+00:00","description":"Unser MGH - Wir vom BRK KVB Ha\u00dfberge laden Sie als B\u00fcrger des Landkreises ein, mit Ideen und Engagement in den versch. Bereichen...","breadcrumb":{"@id":"https:\/\/www.mehrgenerationenhaus-hassfurt.de\/mgh\/unser-mgh\/#breadcrumb"},"inLanguage":"de","potentialAction":[{"@type":"ReadAction","target":["https:\/\/www.mehrgenerationenhaus-hassfurt.de\/mgh\/unser-mgh\/"]}]},{"@type":"ImageObject","inLanguage":"de","@id":"https:\/\/www.mehrgenerationenhaus-hassfurt.de\/mgh\/unser-mgh\/#primaryimage","url":"https:\/\/www.mehrgenerationenhaus-hassfurt.de\/mgh\/wp-cnt\/uploads\/Logo_MGH_mit-Claim_200x.jpg","contentUrl":"https:\/\/www.mehrgenerationenhaus-hassfurt.de\/mgh\/wp-cnt\/uploads\/Logo_MGH_mit-Claim_200x.jpg","width":200,"height":44},{"@type":"BreadcrumbList","@id":"https:\/\/www.mehrgenerationenhaus-hassfurt.de\/mgh\/unser-mgh\/#breadcrumb","itemListElement":[{"@type":"ListItem","position":1,"name":"Startseite","item":"https:\/\/www.mehrgenerationenhaus-hassfurt.de\/mgh\/"},{"@type":"ListItem","position":2,"name":"Unser MGH: Mehrgenerationenhaus Ha\u00dffurt"}]},{"@type":"WebSite","@id":"https:\/\/www.mehrgenerationenhaus-hassfurt.de\/mgh\/#website","url":"https:\/\/www.mehrgenerationenhaus-hassfurt.de\/mgh\/","name":"Mehrgenerationenhaus Ha\u00dffurt","description":"Mehrgenerationenhaus Ha\u00dffurt","publisher":{"@id":"https:\/\/www.mehrgenerationenhaus-hassfurt.de\/mgh\/#organization"},"potentialAction":[{"@type":"SearchAction","target":{"@type":"EntryPoint","urlTemplate":"https:\/\/www.mehrgenerationenhaus-hassfurt.de\/mgh\/?s={search_term_string}"},"query-input":{"@type":"PropertyValueSpecification","valueRequired":true,"valueName":"search_term_string"}}],"inLanguage":"de"},{"@type":"Organization","@id":"https:\/\/www.mehrgenerationenhaus-hassfurt.de\/mgh\/#organization","name":"Mehrgenerationenhaus Ha\u00dffurt","url":"https:\/\/www.mehrgenerationenhaus-hassfurt.de\/mgh\/","logo":{"@type":"ImageObject","inLanguage":"de","@id":"https:\/\/www.mehrgenerationenhaus-hassfurt.de\/mgh\/#\/schema\/logo\/image\/","url":"https:\/\/www.mehrgenerationenhaus-hassfurt.de\/mgh\/wp-cnt\/uploads\/MGH_Logo_2020_hassfurt-scaled.jpg","contentUrl":"https:\/\/www.mehrgenerationenhaus-hassfurt.de\/mgh\/wp-cnt\/uploads\/MGH_Logo_2020_hassfurt-scaled.jpg","width":2560,"height":1162,"caption":"Mehrgenerationenhaus Ha\u00dffurt"},"image":{"@id":"https:\/\/www.mehrgenerationenhaus-hassfurt.de\/mgh\/#\/schema\/logo\/image\/"},"sameAs":["https:\/\/de-de.facebook.com\/mehrgenerationenhausHAS\/"]}]}},"publishpress_future_workflow_manual_trigger":{"enabledWorkflows":[]},"_links":{"self":[{"href":"https:\/\/www.mehrgenerationenhaus-hassfurt.de\/mgh\/wp-json\/wp\/v2\/pages\/12","targetHints":{"allow":["GET"]}}],"collection":[{"href":"https:\/\/www.mehrgenerationenhaus-hassfurt.de\/mgh\/wp-json\/wp\/v2\/pages"}],"about":[{"href":"https:\/\/www.mehrgenerationenhaus-hassfurt.de\/mgh\/wp-json\/wp\/v2\/types\/page"}],"author":[{"embeddable":true,"href":"https:\/\/www.mehrgenerationenhaus-hassfurt.de\/mgh\/wp-json\/wp\/v2\/users\/3"}],"replies":[{"embeddable":true,"href":"https:\/\/www.mehrgenerationenhaus-hassfurt.de\/mgh\/wp-json\/wp\/v2\/comments?post=12"}],"version-history":[{"count":0,"href":"https:\/\/www.mehrgenerationenhaus-hassfurt.de\/mgh\/wp-json\/wp\/v2\/pages\/12\/revisions"}],"wp:attachment":[{"href":"https:\/\/www.mehrgenerationenhaus-hassfurt.de\/mgh\/wp-json\/wp\/v2\/media?parent=12"}],"curies":[{"name":"wp","href":"https:\/\/api.w.org\/{rel}","templated":true}]}}