{"id":23069,"date":"2016-05-19T17:35:19","date_gmt":"2016-05-19T15:35:19","guid":{"rendered":"https:\/\/www.mehrgenerationenhaus-hassfurt.de\/mgh\/?page_id=23069"},"modified":"2020-12-10T06:00:38","modified_gmt":"2020-12-10T05:00:38","slug":"erlebnistanz","status":"publish","type":"page","link":"https:\/\/www.mehrgenerationenhaus-hassfurt.de\/mgh\/angebote\/erlebnistanz\/","title":{"rendered":"ErlebniSTanz"},"content":{"rendered":"<p><img loading=\"lazy\" decoding=\"async\" class=\"alignnone size-full wp-image-50446\" src=\"https:\/\/www.mehrgenerationenhaus-hassfurt.de\/mgh\/wp-cnt\/uploads\/erlebnistanz_c580.jpg\" alt=\"ErlebniSTanz\" width=\"580\" height=\"125\" srcset=\"https:\/\/www.mehrgenerationenhaus-hassfurt.de\/mgh\/wp-cnt\/uploads\/erlebnistanz_c580.jpg 580w, https:\/\/www.mehrgenerationenhaus-hassfurt.de\/mgh\/wp-cnt\/uploads\/erlebnistanz_c580-300x65.jpg 300w, https:\/\/www.mehrgenerationenhaus-hassfurt.de\/mgh\/wp-cnt\/uploads\/erlebnistanz_c580-570x123.jpg 570w, https:\/\/www.mehrgenerationenhaus-hassfurt.de\/mgh\/wp-cnt\/uploads\/erlebnistanz_c580-360x78.jpg 360w, https:\/\/www.mehrgenerationenhaus-hassfurt.de\/mgh\/wp-cnt\/uploads\/erlebnistanz_c580-180x39.jpg 180w\" sizes=\"auto, (max-width: 580px) 100vw, 580px\"> Je\u00adden Mitt\u00adwoch von 16:30 \u2013 18:00 Uhr k\u00f6n\u00adnen B\u00fcr\u00adge\u00adrin\u00adnen und B\u00fcr\u00adger je\u00adden Al\u00adters, die Spa\u00df an Be\u00adwe\u00adgung und Rhyth\u00admus ha\u00adben, im <strong>Er\u00adleb\u00adniSTanz<\/strong> ge\u00admein\u00adsam das Tanz\u00adbein schwingen.<\/p>\n<p>Nach dem Mot\u00adto <span class=\"push-double\"><\/span>\u200b<span class=\"pull-double\">\u201e<\/span>Je\u00adder kann tan\u00adzen, je\u00adder kann mit\u00adma\u00adchen\u201c rich\u00adtet sich das An\u00adge\u00adbot ex\u00adpli\u00adzit auch an alle Tanz\u00adneu\u00adlin\u00adge. Die Teil\u00adneh\u00adme\u00adrin\u00adnen und Teil\u00adneh\u00admer ler\u00adnen als Grup\u00adpe viel\u00adf\u00e4l\u00adti\u00adge und ab\u00adwechs\u00adlungs\u00adrei\u00adche T\u00e4n\u00adze mit Mu\u00adsik aus al\u00adler Welt ken\u00adnen, da\u00adbei steht die Freu\u00adde am Mit\u00adma\u00adchen stets im Vordergrund.<\/p>\n<p>Au\u00ad\u00dfer\u00addem wer\u00adden durch das Tan\u00adzen nicht nur Be\u00adweg\u00adlich\u00adkeit, Kon\u00addi\u00adti\u00adon und Re\u00adak\u00adti\u00adons\u00adver\u00adm\u00f6\u00adgen ge\u00adf\u00f6r\u00addert, son\u00addern auch \u2013 ganz ne\u00adben\u00adbei \u2013 ko\u00adgni\u00adti\u00adve Leis\u00adtun\u00adgen wie Kon\u00adzen\u00adtra\u00adti\u00adon, Auf\u00adfas\u00adsungs\u00adga\u00adbe und Er\u00adin\u00adne\u00adrungs\u00adver\u00adm\u00f6\u00adgen gest\u00e4rkt.<\/p>\n<p>Alle, die Freu\u00adde an der Be\u00adgeg\u00adnung der Ge\u00adne\u00adra\u00adtio\u00adnen ha\u00adben, sind herz\u00adlich will\u00adkom\u00admen. Den T\u00e4n\u00adze\u00adrin\u00adnen und T\u00e4n\u00adzern die n\u00f6\u00adti\u00adge Si\u00adcher\u00adheit ge\u00adben und die T\u00e4n\u00adze mit ei\u00adner Leich\u00adtig\u00adkeit ver\u00admit\u00adteln, das ge\u00adlingt der aus\u00adge\u00adbil\u00adde\u00adten Tanz\u00adkreis\u00adlei\u00adte\u00adrin und frei\u00adwil\u00adlig En\u00adga\u00adgier\u00adten Chris\u00adti\u00adne Pecht aus Ha\u00dffurt.<\/p>\n<div>\n<table>\n<tbody>\n<tr>\n<th align=\"left\" valign=\"top\">Wo<\/th>\n<td style=\"border-color: #333333; background-color: #f0f0f0; width: 450px;\" align=\"left\" valign=\"top\" width=\"450\">Mehr\u00adge\u00adne\u00adra\u00adtio\u00adnen\u00adhaus Ha\u00dffurt<br>\nBRK Kreis\u00adver\u00adband Ha\u00dfberge<br>\nVer\u00adan\u00adstal\u00adtungs\u00adraum im&nbsp;UG<br>\nMarkt\u00adplatz 10<br>\n97437 Ha\u00dffurt<\/td>\n<\/tr>\n<tr>\n<th style=\"background-color: #c3c3c3; width: 100px;\" align=\"left\" valign=\"top\" width=\"100\">Wann<\/th>\n<td style=\"border-color: #333333; background-color: #f0f0f0; width: 480px;\" align=\"left\" valign=\"top\" width=\"480\">Mitt\u00adwochs, 16:30 \u2013 18:00 Uhr<\/td>\n<\/tr>\n<tr>\n<th style=\"background-color: #c3c3c3; width: 100px;\" align=\"left\" valign=\"top\" width=\"100\">Kos\u00adten<\/th>\n<td style=\"border-color: #333333; background-color: #f0f0f0; width: 480px;\" align=\"left\" valign=\"top\" width=\"480\">EUR 2,- pro Abend<\/td>\n<\/tr>\n<tr>\n<th style=\"background-color: #c3c3c3; width: 100px;\" align=\"left\" valign=\"top\" width=\"100\">An\u00admel\u00addung<\/th>\n<td style=\"border-color: #333333; background-color: #f0f0f0; width: 480px;\" align=\"left\" valign=\"top\" width=\"480\">An\u00admel\u00addung erw\u00fcnscht<br>\nSchnup\u00adpern je\u00adder\u00adzeit m\u00f6glich<\/td>\n<\/tr>\n<\/tbody>\n<\/table>\n<\/div>\n","protected":false},"excerpt":{"rendered":"<p>Je\u00adden Mitt\u00adwoch von 16:30 \u2013 18:00 Uhr k\u00f6n\u00adnen B\u00fcr\u00adge\u00adrin\u00adnen und B\u00fcr\u00adger je\u00adden Al\u00adters, die Spa\u00df an Be\u00adwe\u00adgung und Rhyth\u00admus ha\u00adben, im Er\u00adleb\u00adniSTanz ge\u00admein\u00adsam das Tanz\u00adbein schwin\u00adgen. Nach dem Mot\u00adto \u200b\u201eJe\u00adder kann tan\u00adzen, je\u00adder kann mit\u00adma\u00adchen\u201c rich\u00adtet sich das An\u00adge\u00adbot ex\u00adpli\u00adzit auch an alle Tanz\u00adneu\u00adlin\u00adge. Die Teil\u00adneh\u00adme\u00adrin\u00adnen und Teil\u00adneh\u00admer ler\u00adnen als Grup\u00adpe viel\u00adf\u00e4l\u00adti\u00adge und ab\u00adwechs\u00adlungs\u00adrei\u00adche T\u00e4nze&nbsp;<\/p>\n<p class=\"excerpt-link\"><a class=\"read-more\" href=\"https:\/\/www.mehrgenerationenhaus-hassfurt.de\/mgh\/angebote\/erlebnistanz\/\">Read More \u2192<\/a><\/p>\n","protected":false},"author":3,"featured_media":0,"parent":219,"menu_order":0,"comment_status":"closed","ping_status":"closed","template":"","meta":{"inline_featured_image":false,"wp_typography_post_enhancements_disabled":false,"_mc_calendar":[],"footnotes":""},"class_list":["post-23069","page","type-page","status-publish","hentry"],"yoast_head":"<!-- This site is optimized with the Yoast SEO plugin v27.3 - https:\/\/yoast.com\/product\/yoast-seo-wordpress\/ -->\n<title>ErlebniSTanz im Mehrgenerationenhaus | MGH Ha\u00dffurt<\/title>\n<meta name=\"description\" content=\"ErlebniSTanz - immer mittwochs im MGH Ha\u00dffurt von 17:00 bis 18:30 - f\u00f6rdert Beweglichkeit, Kondition, Reaktionsverm\u00f6gen u. kognitive F\u00e4h...\" \/>\n<meta name=\"robots\" content=\"index, follow, max-snippet:-1, max-image-preview:large, max-video-preview:-1\" \/>\n<link rel=\"canonical\" href=\"https:\/\/www.mehrgenerationenhaus-hassfurt.de\/mgh\/angebote\/erlebnistanz\/\" \/>\n<meta property=\"og:locale\" content=\"de_DE\" \/>\n<meta property=\"og:type\" content=\"article\" \/>\n<meta property=\"og:title\" content=\"ErlebniSTanz im Mehrgenerationenhaus | MGH Ha\u00dffurt\" \/>\n<meta property=\"og:description\" content=\"ErlebniSTanz - immer mittwochs im MGH Ha\u00dffurt von 17:00 bis 18:30 - f\u00f6rdert Beweglichkeit, Kondition, Reaktionsverm\u00f6gen u. kognitive F\u00e4h...\" \/>\n<meta property=\"og:url\" content=\"https:\/\/www.mehrgenerationenhaus-hassfurt.de\/mgh\/angebote\/erlebnistanz\/\" \/>\n<meta property=\"og:site_name\" content=\"Mehrgenerationenhaus Ha\u00dffurt\" \/>\n<meta property=\"article:publisher\" content=\"https:\/\/de-de.facebook.com\/mehrgenerationenhausHAS\/\" \/>\n<meta property=\"article:modified_time\" content=\"2020-12-10T05:00:38+00:00\" \/>\n<meta property=\"og:image\" content=\"https:\/\/www.mehrgenerationenhaus-hassfurt.de\/mgh\/wp-cnt\/uploads\/erlebnistanz_c580.jpg\" \/>\n<!-- \/ Yoast SEO plugin. -->","yoast_head_json":{"title":"ErlebniSTanz im Mehrgenerationenhaus | MGH Ha\u00dffurt","description":"ErlebniSTanz - immer mittwochs im MGH Ha\u00dffurt von 17:00 bis 18:30 - f\u00f6rdert Beweglichkeit, Kondition, Reaktionsverm\u00f6gen u. kognitive F\u00e4h...","robots":{"index":"index","follow":"follow","max-snippet":"max-snippet:-1","max-image-preview":"max-image-preview:large","max-video-preview":"max-video-preview:-1"},"canonical":"https:\/\/www.mehrgenerationenhaus-hassfurt.de\/mgh\/angebote\/erlebnistanz\/","og_locale":"de_DE","og_type":"article","og_title":"ErlebniSTanz im Mehrgenerationenhaus | MGH Ha\u00dffurt","og_description":"ErlebniSTanz - immer mittwochs im MGH Ha\u00dffurt von 17:00 bis 18:30 - f\u00f6rdert Beweglichkeit, Kondition, Reaktionsverm\u00f6gen u. kognitive F\u00e4h...","og_url":"https:\/\/www.mehrgenerationenhaus-hassfurt.de\/mgh\/angebote\/erlebnistanz\/","og_site_name":"Mehrgenerationenhaus Ha\u00dffurt","article_publisher":"https:\/\/de-de.facebook.com\/mehrgenerationenhausHAS\/","article_modified_time":"2020-12-10T05:00:38+00:00","og_image":[{"url":"https:\/\/www.mehrgenerationenhaus-hassfurt.de\/mgh\/wp-cnt\/uploads\/erlebnistanz_c580.jpg","type":"","width":"","height":""}],"schema":{"@context":"https:\/\/schema.org","@graph":[{"@type":"WebPage","@id":"https:\/\/www.mehrgenerationenhaus-hassfurt.de\/mgh\/angebote\/erlebnistanz\/","url":"https:\/\/www.mehrgenerationenhaus-hassfurt.de\/mgh\/angebote\/erlebnistanz\/","name":"ErlebniSTanz im Mehrgenerationenhaus | MGH Ha\u00dffurt","isPartOf":{"@id":"https:\/\/www.mehrgenerationenhaus-hassfurt.de\/mgh\/#website"},"primaryImageOfPage":{"@id":"https:\/\/www.mehrgenerationenhaus-hassfurt.de\/mgh\/angebote\/erlebnistanz\/#primaryimage"},"image":{"@id":"https:\/\/www.mehrgenerationenhaus-hassfurt.de\/mgh\/angebote\/erlebnistanz\/#primaryimage"},"thumbnailUrl":"https:\/\/www.mehrgenerationenhaus-hassfurt.de\/mgh\/wp-cnt\/uploads\/erlebnistanz_c580.jpg","datePublished":"2016-05-19T15:35:19+00:00","dateModified":"2020-12-10T05:00:38+00:00","description":"ErlebniSTanz - immer mittwochs im MGH Ha\u00dffurt von 17:00 bis 18:30 - f\u00f6rdert Beweglichkeit, Kondition, Reaktionsverm\u00f6gen u. kognitive F\u00e4h...","breadcrumb":{"@id":"https:\/\/www.mehrgenerationenhaus-hassfurt.de\/mgh\/angebote\/erlebnistanz\/#breadcrumb"},"inLanguage":"de","potentialAction":[{"@type":"ReadAction","target":["https:\/\/www.mehrgenerationenhaus-hassfurt.de\/mgh\/angebote\/erlebnistanz\/"]}]},{"@type":"ImageObject","inLanguage":"de","@id":"https:\/\/www.mehrgenerationenhaus-hassfurt.de\/mgh\/angebote\/erlebnistanz\/#primaryimage","url":"https:\/\/www.mehrgenerationenhaus-hassfurt.de\/mgh\/wp-cnt\/uploads\/erlebnistanz_c580.jpg","contentUrl":"https:\/\/www.mehrgenerationenhaus-hassfurt.de\/mgh\/wp-cnt\/uploads\/erlebnistanz_c580.jpg","width":580,"height":125,"caption":"ErlebniSTanz"},{"@type":"BreadcrumbList","@id":"https:\/\/www.mehrgenerationenhaus-hassfurt.de\/mgh\/angebote\/erlebnistanz\/#breadcrumb","itemListElement":[{"@type":"ListItem","position":1,"name":"Startseite","item":"https:\/\/www.mehrgenerationenhaus-hassfurt.de\/mgh\/"},{"@type":"ListItem","position":2,"name":"Angebote und Dienstleistungen","item":"https:\/\/www.mehrgenerationenhaus-hassfurt.de\/mgh\/angebote\/"},{"@type":"ListItem","position":3,"name":"ErlebniSTanz"}]},{"@type":"WebSite","@id":"https:\/\/www.mehrgenerationenhaus-hassfurt.de\/mgh\/#website","url":"https:\/\/www.mehrgenerationenhaus-hassfurt.de\/mgh\/","name":"Mehrgenerationenhaus Ha\u00dffurt","description":"Mehrgenerationenhaus Ha\u00dffurt","publisher":{"@id":"https:\/\/www.mehrgenerationenhaus-hassfurt.de\/mgh\/#organization"},"potentialAction":[{"@type":"SearchAction","target":{"@type":"EntryPoint","urlTemplate":"https:\/\/www.mehrgenerationenhaus-hassfurt.de\/mgh\/?s={search_term_string}"},"query-input":{"@type":"PropertyValueSpecification","valueRequired":true,"valueName":"search_term_string"}}],"inLanguage":"de"},{"@type":"Organization","@id":"https:\/\/www.mehrgenerationenhaus-hassfurt.de\/mgh\/#organization","name":"Mehrgenerationenhaus Ha\u00dffurt","url":"https:\/\/www.mehrgenerationenhaus-hassfurt.de\/mgh\/","logo":{"@type":"ImageObject","inLanguage":"de","@id":"https:\/\/www.mehrgenerationenhaus-hassfurt.de\/mgh\/#\/schema\/logo\/image\/","url":"https:\/\/www.mehrgenerationenhaus-hassfurt.de\/mgh\/wp-cnt\/uploads\/MGH_Logo_2020_hassfurt-scaled.jpg","contentUrl":"https:\/\/www.mehrgenerationenhaus-hassfurt.de\/mgh\/wp-cnt\/uploads\/MGH_Logo_2020_hassfurt-scaled.jpg","width":2560,"height":1162,"caption":"Mehrgenerationenhaus Ha\u00dffurt"},"image":{"@id":"https:\/\/www.mehrgenerationenhaus-hassfurt.de\/mgh\/#\/schema\/logo\/image\/"},"sameAs":["https:\/\/de-de.facebook.com\/mehrgenerationenhausHAS\/"]}]}},"publishpress_future_workflow_manual_trigger":{"enabledWorkflows":[]},"_links":{"self":[{"href":"https:\/\/www.mehrgenerationenhaus-hassfurt.de\/mgh\/wp-json\/wp\/v2\/pages\/23069","targetHints":{"allow":["GET"]}}],"collection":[{"href":"https:\/\/www.mehrgenerationenhaus-hassfurt.de\/mgh\/wp-json\/wp\/v2\/pages"}],"about":[{"href":"https:\/\/www.mehrgenerationenhaus-hassfurt.de\/mgh\/wp-json\/wp\/v2\/types\/page"}],"author":[{"embeddable":true,"href":"https:\/\/www.mehrgenerationenhaus-hassfurt.de\/mgh\/wp-json\/wp\/v2\/users\/3"}],"replies":[{"embeddable":true,"href":"https:\/\/www.mehrgenerationenhaus-hassfurt.de\/mgh\/wp-json\/wp\/v2\/comments?post=23069"}],"version-history":[{"count":0,"href":"https:\/\/www.mehrgenerationenhaus-hassfurt.de\/mgh\/wp-json\/wp\/v2\/pages\/23069\/revisions"}],"up":[{"embeddable":true,"href":"https:\/\/www.mehrgenerationenhaus-hassfurt.de\/mgh\/wp-json\/wp\/v2\/pages\/219"}],"wp:attachment":[{"href":"https:\/\/www.mehrgenerationenhaus-hassfurt.de\/mgh\/wp-json\/wp\/v2\/media?parent=23069"}],"curies":[{"name":"wp","href":"https:\/\/api.w.org\/{rel}","templated":true}]}}