{"id":33639,"date":"2018-04-24T18:22:43","date_gmt":"2018-04-24T16:22:43","guid":{"rendered":"https:\/\/www.mehrgenerationenhaus-hassfurt.de\/mgh\/?page_id=33639"},"modified":"2021-01-26T22:21:23","modified_gmt":"2021-01-26T21:21:23","slug":"lesepatenschaftsprojekt-lesen-macht-stark","status":"publish","type":"page","link":"https:\/\/www.mehrgenerationenhaus-hassfurt.de\/mgh\/angebote\/lesepatenschaftsprojekt-lesen-macht-stark\/","title":{"rendered":"LESEpatenschaftsprojekt \u2013 <br>LESEN macht stark"},"content":{"rendered":"<p><img loading=\"lazy\" decoding=\"async\" src=\"https:\/\/www.mehrgenerationenhaus-hassfurt.de\/mgh\/wp-cnt\/uploads\/lesepatenschaften_c580.jpg\" alt=\"LESEpatenschaftsprojekt \u2013 LESEN macht stark\" width=\"580\" height=\"125\" class=\"alignnone size-full wp-image-50740\" srcset=\"https:\/\/www.mehrgenerationenhaus-hassfurt.de\/mgh\/wp-cnt\/uploads\/lesepatenschaften_c580.jpg 580w, https:\/\/www.mehrgenerationenhaus-hassfurt.de\/mgh\/wp-cnt\/uploads\/lesepatenschaften_c580-300x65.jpg 300w\" sizes=\"auto, (max-width: 580px) 100vw, 580px\"><\/p>\n<p>Le\u00adsen k\u00f6n\u00adnen ist die Vor\u00adaus\u00adset\u00adzung f\u00fcr eine ak\u00adti\u00adve ge\u00adsell\u00adschaft\u00adli\u00adche Teil\u00adha\u00adbe und In\u00adte\u00adgra\u00adti\u00adon. Als grund\u00adle\u00adgen\u00adde Schl\u00fcs\u00adsel\u00adqua\u00adli\u00adfi\u00adka\u00adti\u00adon f\u00fcr jede Art des Wis\u00adsens\u00ader\u00adwerbs f\u00f6r\u00addert Le\u00adsen die ko\u00adgni\u00adti\u00adve und psy\u00adchi\u00adsche Entwicklung.&nbsp;<\/p>\n<p>In Ko\u00adope\u00adra\u00adtion mit der Franz-Lud\u00adwig-von-Er\u00adthal-Schu\u00adle Ha\u00df\u00adfurt f\u00fchrt das Mehr\u00adge\u00adne\u00adra\u00adtio\u00adnen\u00adhaus Ha\u00df\u00adfurt das <span class=\"push-double\"><\/span>\u200b<span class=\"pull-double\">\u201e<\/span>LE\u00adSE\u00adpa\u00adten\u00adschafts\u00adpro\u00adjekt \u2013 LE\u00adSEN macht STARK\u201c durch. Frei\u00adwil\u00adlig En\u00adga\u00adgier\u00adte al\u00adler Ge\u00adne\u00adra\u00adtio\u00adnen le\u00adsen ge\u00admein\u00adsam mit Sch\u00fc\u00adle\u00adrin\u00adnen und Sch\u00fc\u00adlern, um de\u00adren Le\u00adse\u00adfreu\u00adde zu we\u00adcken, ihre Le\u00adse\u00adkom\u00adpe\u00adtenz zu st\u00e4r\u00adken und ih\u00adnen ein ge\u00admein\u00adsa\u00admes Le\u00adse\u00ader\u00adleb\u00adnis zu vermitteln.<\/p>\n<p>Die Le\u00adse\u00adpa\u00adtin\u00adnen und Le\u00adse\u00adpa\u00adten des Mehr\u00adge\u00adne\u00adra\u00adtio\u00adnen\u00adhau\u00adses mo\u00adti\u00advie\u00adren die Grund\u00adsch\u00fc\u00adler der Franz-Lud\u00adwig-von-Er\u00adthal-Schu\u00adle in Ha\u00df\u00adfurt in ei\u00adner 1:1 Be\u00adtreu\u00adung zum Le\u00adsen, und f\u00f6r\u00addern de\u00adren in\u00addi\u00advi\u00addu\u00adel\u00adle Le\u00adse\u00adf\u00e4\u00adhig\u00adkeit. Die Le\u00adse\u00adpa\u00adten\u00adschaft wird in en\u00adger Ab\u00adspra\u00adche mit der Lehr\u00adkraft um\u00adge\u00adsetzt, die auch eine Le\u00adse\u00admap\u00adpe mit ge\u00adeig\u00adne\u00adten Le\u00adse\u00adtex\u00adten zu\u00adsam\u00admen\u00adstellt und mit Ma\u00adte\u00adria\u00adli\u00aden wie Wort\u00adt\u00fcr\u00admen, Sil\u00adben\u00adtep\u00adpi\u00adchen und Bil\u00adder\u00adge\u00adschich\u00adten er\u00adg\u00e4nzt. Auch die Kin\u00adder wer\u00adden ak\u00adtiv bei der Aus\u00adwahl und Pla\u00adnung der Le\u00adse\u00adtex\u00adte mit ih\u00adren W\u00fcn\u00adschen und Ideen einbezogen.&nbsp;<\/p>\n<p>Die Le\u00adse\u00adpa\u00adtin\u00adnen und Le\u00adse\u00adpa\u00adten ver\u00admit\u00adteln den Kin\u00addern Freu\u00adde am ge\u00admein\u00adsa\u00admen Le\u00adsen und Vor\u00adle\u00adsen und st\u00e4r\u00adken so die Le\u00adse\u00adkom\u00adpe\u00adtenz, aber auch das Selbst\u00adver\u00adtrau\u00aden der Kin\u00adder. Der Le\u00adse\u00adhel\u00adfer macht stark f\u00fcrs Le\u00adsen und f\u00fcrs Leben.&nbsp;<\/p>\n<p>Sie m\u00f6ch\u00adten sich en\u00adga\u00adgie\u00adren? Kin\u00adder auf ih\u00adrem Ent\u00adwick\u00adlungs\u00adweg be\u00adglei\u00adten und un\u00adter\u00adst\u00fct\u00adzen? Mel\u00adden Sie sich bei uns! Das Team des Mehr\u00adge\u00adne\u00adra\u00adtio\u00adnen\u00adhau\u00adses in\u00adfor\u00admiert Sie gerne.&nbsp;<\/p>\n<div>\n<table>\n<tbody>\n<tr>\n<th align=\"left\" valign=\"top\">Wo<\/th>\n<td class=\"cellgray\">Son\u00adder\u00adp\u00e4d\u00adago\u00adgi\u00adsches F\u00f6rderzentrum<br>\nFranz-Lud\u00adwig-von Erthal-Schule<br>\nTri\u00adcas\u00adti\u00adner Platz 3<br>\n97437 Ha\u00dffurt<\/td>\n<\/tr>\n<tr>\n<th align=\"left\" valign=\"top\">Wann<\/th>\n<td class=\"cellgray\">W\u00f6\u00adchent\u00adlich vor\u00admit\u00adtags nach Vereinbarung<\/td>\n<\/tr>\n<tr>\n<th align=\"left\" valign=\"top\">An\u00admel\u00addung\n<\/th><td class=\"cellgray\" align=\"left\" valign=\"top\" width=\"430\">Mehr\u00adge\u00adne\u00adra\u00adtio\u00adnen\u00adhaus Ha\u00dffurt<br>\nBRK Kreis\u00adver\u00adband Ha\u00dfberge<br>\nMarkt\u00adplatz 10<br>\n97437 Ha\u00dffurt<br>\nTe\u00adle\u00adfon: 09521\u2013952825\u20110<br>\n<a href=\"https:\/\/www.mehrgenerationenhaus-hassfurt.de\/mgh\/kontaktformular\/\">mghhassfurt.kv-has@brk.de <\/a>\n<\/td>\n<\/tr>\n<tr>\n<th align=\"left\" valign=\"top\">Kos\u00adten\n<\/th><td class=\"cellgray\" align=\"left\" valign=\"top\" width=\"430\">Kei\u00adne<\/td>\n<\/tr>\n<\/tbody>\n<\/table>\n<\/div>\n","protected":false},"excerpt":{"rendered":"<p>Le\u00adsen k\u00f6n\u00adnen ist die Vor\u00adaus\u00adset\u00adzung f\u00fcr eine ak\u00adti\u00adve ge\u00adsell\u00adschaft\u00adli\u00adche Teil\u00adha\u00adbe und In\u00adte\u00adgra\u00adti\u00adon. Als grund\u00adle\u00adgen\u00adde Schl\u00fcs\u00adsel\u00adqua\u00adli\u00adfi\u00adka\u00adti\u00adon f\u00fcr jede Art des Wis\u00adsens\u00ader\u00adwerbs f\u00f6r\u00addert Le\u00adsen die ko\u00adgni\u00adti\u00adve und psy\u00adchi\u00adsche Ent\u00adwick\u00adlung.&nbsp; In Ko\u00adope\u00adra\u00adtion mit der Franz-Lu\u00add\u00ad\u00adwig-von-Er\u00ad\u00adthal-Schu\u00ad\u00adle Ha\u00df\u00adfurt f\u00fchrt das Mehr\u00adge\u00adne\u00adra\u00adtio\u00adnen\u00adhaus Ha\u00df\u00adfurt das \u200b\u201eLE\u00adSE\u00adpa\u00adten\u00adschafts\u00adpro\u00adjekt \u2013 LE\u00adSEN macht STARK\u201c durch. Frei\u00adwil\u00adlig En\u00adga\u00adgier\u00adte al\u00adler Ge\u00adne\u00adra\u00adtio\u00adnen le\u00adsen ge\u00admein\u00adsam mit Sch\u00fc\u00adle\u00adrin\u00adnen und Sch\u00fc\u00adlern, um&nbsp;<\/p>\n<p class=\"excerpt-link\"><a class=\"read-more\" href=\"https:\/\/www.mehrgenerationenhaus-hassfurt.de\/mgh\/angebote\/lesepatenschaftsprojekt-lesen-macht-stark\/\">Read More \u2192<\/a><\/p>\n","protected":false},"author":3,"featured_media":0,"parent":219,"menu_order":0,"comment_status":"closed","ping_status":"closed","template":"","meta":{"inline_featured_image":false,"wp_typography_post_enhancements_disabled":false,"_mc_calendar":[],"footnotes":""},"class_list":["post-33639","page","type-page","status-publish","hentry"],"yoast_head":"<!-- This site is optimized with the Yoast SEO plugin v27.3 - https:\/\/yoast.com\/product\/yoast-seo-wordpress\/ -->\n<title>LESEpatenschaftsprojekt \u2013 LESEN macht stark | MGH Ha\u00dffurt<\/title>\n<meta name=\"description\" content=\"LESEpatenschaftsprojekt \u2013 LESEN macht stark: Als grundlegende Schl\u00fcsselqualifikation f\u00fcr jede Art des Wissenserwerbs f\u00f6rdert Lesen ...\" \/>\n<meta name=\"robots\" content=\"index, follow, max-snippet:-1, max-image-preview:large, max-video-preview:-1\" \/>\n<link rel=\"canonical\" href=\"https:\/\/www.mehrgenerationenhaus-hassfurt.de\/mgh\/angebote\/lesepatenschaftsprojekt-lesen-macht-stark\/\" \/>\n<meta property=\"og:locale\" content=\"de_DE\" \/>\n<meta property=\"og:type\" content=\"article\" \/>\n<meta property=\"og:title\" content=\"LESEpatenschaftsprojekt \u2013 LESEN macht stark | MGH Ha\u00dffurt\" \/>\n<meta property=\"og:description\" content=\"LESEpatenschaftsprojekt \u2013 LESEN macht stark: Als grundlegende Schl\u00fcsselqualifikation f\u00fcr jede Art des Wissenserwerbs f\u00f6rdert Lesen ...\" \/>\n<meta property=\"og:url\" content=\"https:\/\/www.mehrgenerationenhaus-hassfurt.de\/mgh\/angebote\/lesepatenschaftsprojekt-lesen-macht-stark\/\" \/>\n<meta property=\"og:site_name\" content=\"Mehrgenerationenhaus Ha\u00dffurt\" \/>\n<meta property=\"article:publisher\" content=\"https:\/\/de-de.facebook.com\/mehrgenerationenhausHAS\/\" \/>\n<meta property=\"article:modified_time\" content=\"2021-01-26T21:21:23+00:00\" \/>\n<meta property=\"og:image\" content=\"https:\/\/www.mehrgenerationenhaus-hassfurt.de\/mgh\/wp-cnt\/uploads\/lesepatenschaften_c580.jpg\" \/>\n<!-- \/ Yoast SEO plugin. -->","yoast_head_json":{"title":"LESEpatenschaftsprojekt \u2013 LESEN macht stark | MGH Ha\u00dffurt","description":"LESEpatenschaftsprojekt \u2013 LESEN macht stark: Als grundlegende Schl\u00fcsselqualifikation f\u00fcr jede Art des Wissenserwerbs f\u00f6rdert Lesen ...","robots":{"index":"index","follow":"follow","max-snippet":"max-snippet:-1","max-image-preview":"max-image-preview:large","max-video-preview":"max-video-preview:-1"},"canonical":"https:\/\/www.mehrgenerationenhaus-hassfurt.de\/mgh\/angebote\/lesepatenschaftsprojekt-lesen-macht-stark\/","og_locale":"de_DE","og_type":"article","og_title":"LESEpatenschaftsprojekt \u2013 LESEN macht stark | MGH Ha\u00dffurt","og_description":"LESEpatenschaftsprojekt \u2013 LESEN macht stark: Als grundlegende Schl\u00fcsselqualifikation f\u00fcr jede Art des Wissenserwerbs f\u00f6rdert Lesen ...","og_url":"https:\/\/www.mehrgenerationenhaus-hassfurt.de\/mgh\/angebote\/lesepatenschaftsprojekt-lesen-macht-stark\/","og_site_name":"Mehrgenerationenhaus Ha\u00dffurt","article_publisher":"https:\/\/de-de.facebook.com\/mehrgenerationenhausHAS\/","article_modified_time":"2021-01-26T21:21:23+00:00","og_image":[{"url":"https:\/\/www.mehrgenerationenhaus-hassfurt.de\/mgh\/wp-cnt\/uploads\/lesepatenschaften_c580.jpg","type":"","width":"","height":""}],"schema":{"@context":"https:\/\/schema.org","@graph":[{"@type":"WebPage","@id":"https:\/\/www.mehrgenerationenhaus-hassfurt.de\/mgh\/angebote\/lesepatenschaftsprojekt-lesen-macht-stark\/","url":"https:\/\/www.mehrgenerationenhaus-hassfurt.de\/mgh\/angebote\/lesepatenschaftsprojekt-lesen-macht-stark\/","name":"LESEpatenschaftsprojekt \u2013 LESEN macht stark | MGH Ha\u00dffurt","isPartOf":{"@id":"https:\/\/www.mehrgenerationenhaus-hassfurt.de\/mgh\/#website"},"primaryImageOfPage":{"@id":"https:\/\/www.mehrgenerationenhaus-hassfurt.de\/mgh\/angebote\/lesepatenschaftsprojekt-lesen-macht-stark\/#primaryimage"},"image":{"@id":"https:\/\/www.mehrgenerationenhaus-hassfurt.de\/mgh\/angebote\/lesepatenschaftsprojekt-lesen-macht-stark\/#primaryimage"},"thumbnailUrl":"https:\/\/www.mehrgenerationenhaus-hassfurt.de\/mgh\/wp-cnt\/uploads\/lesepatenschaften_c580.jpg","datePublished":"2018-04-24T16:22:43+00:00","dateModified":"2021-01-26T21:21:23+00:00","description":"LESEpatenschaftsprojekt \u2013 LESEN macht stark: Als grundlegende Schl\u00fcsselqualifikation f\u00fcr jede Art des Wissenserwerbs f\u00f6rdert Lesen ...","breadcrumb":{"@id":"https:\/\/www.mehrgenerationenhaus-hassfurt.de\/mgh\/angebote\/lesepatenschaftsprojekt-lesen-macht-stark\/#breadcrumb"},"inLanguage":"de","potentialAction":[{"@type":"ReadAction","target":["https:\/\/www.mehrgenerationenhaus-hassfurt.de\/mgh\/angebote\/lesepatenschaftsprojekt-lesen-macht-stark\/"]}]},{"@type":"ImageObject","inLanguage":"de","@id":"https:\/\/www.mehrgenerationenhaus-hassfurt.de\/mgh\/angebote\/lesepatenschaftsprojekt-lesen-macht-stark\/#primaryimage","url":"https:\/\/www.mehrgenerationenhaus-hassfurt.de\/mgh\/wp-cnt\/uploads\/lesepatenschaften_c580.jpg","contentUrl":"https:\/\/www.mehrgenerationenhaus-hassfurt.de\/mgh\/wp-cnt\/uploads\/lesepatenschaften_c580.jpg","width":580,"height":125,"caption":"Lesepatenschaftsprojekt"},{"@type":"BreadcrumbList","@id":"https:\/\/www.mehrgenerationenhaus-hassfurt.de\/mgh\/angebote\/lesepatenschaftsprojekt-lesen-macht-stark\/#breadcrumb","itemListElement":[{"@type":"ListItem","position":1,"name":"Startseite","item":"https:\/\/www.mehrgenerationenhaus-hassfurt.de\/mgh\/"},{"@type":"ListItem","position":2,"name":"Angebote und Dienstleistungen","item":"https:\/\/www.mehrgenerationenhaus-hassfurt.de\/mgh\/angebote\/"},{"@type":"ListItem","position":3,"name":"LESEpatenschaftsprojekt \u2013 LESEN macht stark"}]},{"@type":"WebSite","@id":"https:\/\/www.mehrgenerationenhaus-hassfurt.de\/mgh\/#website","url":"https:\/\/www.mehrgenerationenhaus-hassfurt.de\/mgh\/","name":"Mehrgenerationenhaus Ha\u00dffurt","description":"Mehrgenerationenhaus Ha\u00dffurt","publisher":{"@id":"https:\/\/www.mehrgenerationenhaus-hassfurt.de\/mgh\/#organization"},"potentialAction":[{"@type":"SearchAction","target":{"@type":"EntryPoint","urlTemplate":"https:\/\/www.mehrgenerationenhaus-hassfurt.de\/mgh\/?s={search_term_string}"},"query-input":{"@type":"PropertyValueSpecification","valueRequired":true,"valueName":"search_term_string"}}],"inLanguage":"de"},{"@type":"Organization","@id":"https:\/\/www.mehrgenerationenhaus-hassfurt.de\/mgh\/#organization","name":"Mehrgenerationenhaus Ha\u00dffurt","url":"https:\/\/www.mehrgenerationenhaus-hassfurt.de\/mgh\/","logo":{"@type":"ImageObject","inLanguage":"de","@id":"https:\/\/www.mehrgenerationenhaus-hassfurt.de\/mgh\/#\/schema\/logo\/image\/","url":"https:\/\/www.mehrgenerationenhaus-hassfurt.de\/mgh\/wp-cnt\/uploads\/MGH_Logo_2020_hassfurt-scaled.jpg","contentUrl":"https:\/\/www.mehrgenerationenhaus-hassfurt.de\/mgh\/wp-cnt\/uploads\/MGH_Logo_2020_hassfurt-scaled.jpg","width":2560,"height":1162,"caption":"Mehrgenerationenhaus Ha\u00dffurt"},"image":{"@id":"https:\/\/www.mehrgenerationenhaus-hassfurt.de\/mgh\/#\/schema\/logo\/image\/"},"sameAs":["https:\/\/de-de.facebook.com\/mehrgenerationenhausHAS\/"]}]}},"publishpress_future_workflow_manual_trigger":{"enabledWorkflows":[]},"_links":{"self":[{"href":"https:\/\/www.mehrgenerationenhaus-hassfurt.de\/mgh\/wp-json\/wp\/v2\/pages\/33639","targetHints":{"allow":["GET"]}}],"collection":[{"href":"https:\/\/www.mehrgenerationenhaus-hassfurt.de\/mgh\/wp-json\/wp\/v2\/pages"}],"about":[{"href":"https:\/\/www.mehrgenerationenhaus-hassfurt.de\/mgh\/wp-json\/wp\/v2\/types\/page"}],"author":[{"embeddable":true,"href":"https:\/\/www.mehrgenerationenhaus-hassfurt.de\/mgh\/wp-json\/wp\/v2\/users\/3"}],"replies":[{"embeddable":true,"href":"https:\/\/www.mehrgenerationenhaus-hassfurt.de\/mgh\/wp-json\/wp\/v2\/comments?post=33639"}],"version-history":[{"count":0,"href":"https:\/\/www.mehrgenerationenhaus-hassfurt.de\/mgh\/wp-json\/wp\/v2\/pages\/33639\/revisions"}],"up":[{"embeddable":true,"href":"https:\/\/www.mehrgenerationenhaus-hassfurt.de\/mgh\/wp-json\/wp\/v2\/pages\/219"}],"wp:attachment":[{"href":"https:\/\/www.mehrgenerationenhaus-hassfurt.de\/mgh\/wp-json\/wp\/v2\/media?parent=33639"}],"curies":[{"name":"wp","href":"https:\/\/api.w.org\/{rel}","templated":true}]}}