{"id":44622,"date":"2018-09-06T10:22:09","date_gmt":"2018-09-06T08:22:09","guid":{"rendered":"https:\/\/www.mehrgenerationenhaus-hassfurt.de\/mgh\/?page_id=44622"},"modified":"2021-02-03T21:44:44","modified_gmt":"2021-02-03T20:44:44","slug":"ferienprogramme-2018","status":"publish","type":"page","link":"https:\/\/www.mehrgenerationenhaus-hassfurt.de\/mgh\/ferienprogramme-2018\/","title":{"rendered":"Ferienprogramme 2018"},"content":{"rendered":"<h2>Termine und Themen 2018<\/h2>\n<p><strong><span style=\"background-color: #c9c9c9;\">02.11. \u2013 03.11.2017: Herbst 2017 <\/span> <\/strong><br>\n<span style=\"color: #2299cc; font-weight: 700;\">&nbsp;<span class=\"push-double\"><\/span>\u200b<span class=\"pull-double\">\u201e<\/span>Mit Ge\u00adju\u00adbel und Ge\u00adbell in die Fe\u00adri\u00aden \u2013 fe\u00adri\u00aden\u00adhaf\u00adte Tierbegegnungen\u201c<\/span><br>\n<span style=\"color: #2299cc;\">f\u00fcr Kin\u00adder im Al\u00adter von 6 bis 12 Jahren<br>\nOrt: BRK Mit\u00adtags- und Ganztagsbetreuung<br>\nZeit: 07:30 bis 17:00 Uhr<br>\nKos\u00adten: \u20ac&nbsp;32,\u2013<br>\n\u2192 <a href=\"https:\/\/www.mehrgenerationenhaus-hassfurt.de\/mgh\/wp-cnt\/uploads\/Elternbrief-Herbst-2017.pdf\" target=\"_blank&quot;\">El\u00adtern\u00adbrief downloaden<\/a><\/span><\/p>\n<p><span style=\"background-color: #c9c9c9;\"><strong>22.11.2017: Bu\u00df- und Bet\u00adtag&nbsp;2017&nbsp;<\/strong><\/span><br>\n<strong><span style=\"margin-top: 10px; color: #2299cc;\">&nbsp;Kin\u00adder\u00adbe\u00adtreu\u00adung: <span class=\"push-double\"><\/span>\u200b<span class=\"pull-double\">\u201e<\/span>Farbexplosion\/\u200bFlie\u00dftechniken\u201c<\/span> <\/strong><br>\nf\u00fcr Kin\u00adder im Al\u00adter von 6 bis 12 Jahren<br>\nOrt: BRK Mit\u00adtags- und Ganztagsbetreuung<br>\nZeit: 07:30 bis 17:00 Uhr<br>\nKos\u00adten: \u20ac&nbsp;16,\u2013<\/p>\n<p><span style=\"background-color: #c9c9c9;\"><strong>12.02. \u2013 16.02.2018: Fa\u00adsching 2018 <\/strong><\/span> <strong><span style=\"margin-top: 10px; color: #2299cc;\">&nbsp;<span class=\"push-double\"><\/span>\u200b<span class=\"pull-double\">\u201e<\/span>Power Girls\u201c<\/span> <\/strong><br>\n<img decoding=\"async\" style=\"margin-top: -20px; margin-right: -30px;\" src=\"https:\/\/www.mehrgenerationenhaus-hassfurt.de\/mgh\/wp-cnt\/uploads\/ausgebucht_tr.jpg\" alt=\"Ferienprogramme 2018 ausgebucht\" width=\"230\" class=\"alignright size-full wp-image-27097\" srcset=\"https:\/\/www.mehrgenerationenhaus-hassfurt.de\/mgh\/wp-cnt\/uploads\/ausgebucht_tr.jpg 280w, https:\/\/www.mehrgenerationenhaus-hassfurt.de\/mgh\/wp-cnt\/uploads\/ausgebucht_tr-150x64.jpg 150w\" sizes=\"(max-width: 280px) 100vw, 280px\"><strong><span style=\"color: #ff0000;\">NUR f\u00fcr M\u00e4d\u00adchen<\/span><\/strong> im Al\u00adter von 6 bis 12 Jahren<br>\nOrt: BRK Mit\u00adtags- und Ganztagsbetreuung<br>\nZeit: 07:30 bis 17:00 Uhr<br>\nKos\u00adten: \u20ac&nbsp;80,\u2013<br>\n\u2192 <a href=\"https:\/\/www.mehrgenerationenhaus-hassfurt.de\/mgh\/wp-cnt\/uploads\/eb2018_fasching.pdf\" target=\"_blank&quot;\">El\u00adtern\u00adbrief down\u00adloa\u00adden<\/a> <\/p>\n<p><span style=\"background-color: #c9c9c9;\"><strong>26.03. \u2013 29.03.2018: Os\u00adtern&nbsp;I&nbsp;<\/strong><\/span><br>\n<strong><span style=\"color: #2299cc;\"><span class=\"push-double\"><\/span>\u200b<span class=\"pull-double\">\u201e<\/span>Die Zau\u00adber\u00adhaf\u00adte Dis\u00adney\u00adwelt\u201c<\/span> <\/strong><br>\n<img decoding=\"async\" style=\"margin-top: -20px; margin-right: -30px;\" src=\"https:\/\/www.mehrgenerationenhaus-hassfurt.de\/mgh\/wp-cnt\/uploads\/ausgebucht_tr.jpg\" alt=\"ausgebucht\" width=\"230\" class=\"alignright size-full wp-image-27097\" srcset=\"https:\/\/www.mehrgenerationenhaus-hassfurt.de\/mgh\/wp-cnt\/uploads\/ausgebucht_tr.jpg 280w, https:\/\/www.mehrgenerationenhaus-hassfurt.de\/mgh\/wp-cnt\/uploads\/ausgebucht_tr-150x64.jpg 150w\" sizes=\"(max-width: 280px) 100vw, 280px\">f\u00fcr Kin\u00adder im Al\u00adter von 6 bis 12 Jahren<br>\nOrt: BRK Mit\u00adtags- und Ganztagsbetreuung<br>\nZeit: 07:30 bis 17:00 Uhr<br>\nKos\u00adten: \u20ac&nbsp;60,\u2013<br>\n\u2192  <a href=\"https:\/\/www.mehrgenerationenhaus-hassfurt.de\/mgh\/wp-cnt\/uploads\/eb2018_ostern1.pdf\" target=\"_blank&quot;\">El\u00adtern\u00adbrief downloaden<\/a><\/p>\n<p><span style=\"background-color: #c9c9c9;\"><strong>03.04. \u2013 06.04.2018: Os\u00adtern II <\/strong><\/span> <strong><span style=\"color: #2299cc;\">&nbsp; <span class=\"push-double\"><\/span>\u200b<span class=\"pull-double\">\u201e<\/span>Ac\u00adtion for&nbsp;Kids\u201c<\/span><\/strong><br>\n<img decoding=\"async\" style=\"margin-top: -20px; margin-right: -30px;\" src=\"https:\/\/www.mehrgenerationenhaus-hassfurt.de\/mgh\/wp-cnt\/uploads\/ausgebucht_tr.jpg\" alt=\"ausgebucht\" width=\"230\" class=\"alignright size-full wp-image-27097\" srcset=\"https:\/\/www.mehrgenerationenhaus-hassfurt.de\/mgh\/wp-cnt\/uploads\/ausgebucht_tr.jpg 280w, https:\/\/www.mehrgenerationenhaus-hassfurt.de\/mgh\/wp-cnt\/uploads\/ausgebucht_tr-150x64.jpg 150w\" sizes=\"(max-width: 280px) 100vw, 280px\">f\u00fcr Kin\u00adder im Al\u00adter von 6 bis 12 Jahren<br>\nOrt: BRK Mit\u00adtags- und Ganztagsbetreuung<br>\nZeit: 07:30 bis 17:00 Uhr<br>\nKos\u00adten: \u20ac&nbsp;60,\u2013<br>\n\u2192 <a href=\"https:\/\/www.mehrgenerationenhaus-hassfurt.de\/mgh\/wp-cnt\/uploads\/eb2018_ostern2.pdf\" target=\"_blank&quot;\">El\u00adtern\u00adbrief downloaden<\/a><\/p>\n<p><span style=\"background-color: #c9c9c9;\"><strong>22.05. \u2013 25.05.2018: Pfings\u00adten I <\/strong><\/span> <span style=\"color: #2299cc;\"><strong>&nbsp; \u201e\u201eEine Wo\u00adche vol\u00adler Sams-Tage\u201c<\/strong> <\/span><br>\n<img decoding=\"async\" style=\"margin-top: -20px; margin-right: -30px;\" src=\"https:\/\/www.mehrgenerationenhaus-hassfurt.de\/mgh\/wp-cnt\/uploads\/ausgebucht_tr.jpg\" alt=\"ausgebucht\" width=\"230\" class=\"alignright size-full wp-image-27097\" srcset=\"https:\/\/www.mehrgenerationenhaus-hassfurt.de\/mgh\/wp-cnt\/uploads\/ausgebucht_tr.jpg 280w, https:\/\/www.mehrgenerationenhaus-hassfurt.de\/mgh\/wp-cnt\/uploads\/ausgebucht_tr-150x64.jpg 150w\" sizes=\"(max-width: 280px) 100vw, 280px\">f\u00fcr Kin\u00adder im Al\u00adter von 6 bis 12 Jahren<br>\nOrt: BRK Mit\u00adtags- und Ganztagsbetreuung<br>\nZeit: 07:30 bis 17:00 Uhr<br>\nKos\u00adten: \u20ac&nbsp;60,\u2013<br>\n\u2192 <a href=\"https:\/\/www.mehrgenerationenhaus-hassfurt.de\/mgh\/wp-cnt\/uploads\/eb2018_pfingsten1.pdf\" target=\"_blank&quot;\">El\u00adtern\u00adbrief downloaden<\/a><\/p>\n<p><span style=\"background-color: #c9c9c9;\"><strong>28.05. \u2013 01.06.2018: Pfings\u00adten II <\/strong><\/span> <span style=\"color: #2299cc;\"><strong>&nbsp; <span class=\"push-double\"><\/span>\u200b<span class=\"pull-double\">\u201e<\/span>Wis\u00adsen macht Spa\u00df, Ler\u00adnen ist ein Aben\u00adteu\u00ader\u201c<\/strong> <\/span><br>\n<img decoding=\"async\" style=\"margin-top: -20px; margin-right: -30px;\" src=\"https:\/\/www.mehrgenerationenhaus-hassfurt.de\/mgh\/wp-cnt\/uploads\/ausgebucht_tr.jpg\" alt=\"ausgebucht\" width=\"230\" class=\"alignright size-full wp-image-27097\" srcset=\"https:\/\/www.mehrgenerationenhaus-hassfurt.de\/mgh\/wp-cnt\/uploads\/ausgebucht_tr.jpg 280w, https:\/\/www.mehrgenerationenhaus-hassfurt.de\/mgh\/wp-cnt\/uploads\/ausgebucht_tr-150x64.jpg 150w\" sizes=\"(max-width: 280px) 100vw, 280px\">f\u00fcr Kin\u00adder im Al\u00adter von 6 bis 12 Jahren<br>\nOrt: BRK Mit\u00adtags- und Ganztagsbetreuung<br>\nZeit: 07:30 bis 17:00 Uhr<br>\nKos\u00adten: \u20ac&nbsp;60,\u2013<br>\n\u2192 <a href=\"https:\/\/www.mehrgenerationenhaus-hassfurt.de\/mgh\/wp-cnt\/uploads\/eb2018_pfingsten2.pdf\" target=\"_blank&quot;\">El\u00adtern\u00adbrief downloaden<\/a><\/p>\n<p><span style=\"background-color: #c9c9c9;\"><strong>30.07. \u2013 03.08.2018: Som\u00admer I <\/strong><\/span> <span style=\"color: #2299cc;\"><strong>&nbsp; <span class=\"push-double\"><\/span>\u200b<span class=\"pull-double\">\u201e<\/span>Eine Rei\u00adse durch die B\u00fc\u00adcher\u00adwelt\u201c<\/strong> <\/span><br>\n<img decoding=\"async\" style=\"margin-top: -20px; margin-right: -30px;\" src=\"https:\/\/www.mehrgenerationenhaus-hassfurt.de\/mgh\/wp-cnt\/uploads\/ausgebucht_tr.jpg\" alt=\"ausgebucht\" width=\"230\" class=\"alignright size-full wp-image-27097\" srcset=\"https:\/\/www.mehrgenerationenhaus-hassfurt.de\/mgh\/wp-cnt\/uploads\/ausgebucht_tr.jpg 280w, https:\/\/www.mehrgenerationenhaus-hassfurt.de\/mgh\/wp-cnt\/uploads\/ausgebucht_tr-150x64.jpg 150w\" sizes=\"(max-width: 280px) 100vw, 280px\">f\u00fcr Kin\u00adder im Al\u00adter von 6 bis 12 Jahren<br>\nOrt: BRK Mit\u00adtags- und Ganztagsbetreuung<br>\nZeit: 07.30 bis 17.00 Uhr<br>\nKos\u00adten:&nbsp;80.-<br>\n\u2192 <a href=\"https:\/\/www.mehrgenerationenhaus-hassfurt.de\/mgh\/wp-cnt\/uploads\/eb2018_sommer1_2.pdf\" target=\"_blank&quot;\">El\u00adtern\u00adbrief downloaden<\/a><\/p>\n<p><span style=\"background-color: #c9c9c9;\"><strong>06.08. \u2013 10.08.2018: Som\u00admer&nbsp;II&nbsp;<\/strong><\/span><br>\n<span style=\"color: #2299cc;\"><strong>Of\u00adfe\u00adne Be\u00adtreu\u00adung <span class=\"push-double\"><\/span>\u200b<span class=\"pull-double\">\u201e<\/span>Der Ge\u00adschich\u00adte und Wis\u00adsen\u00adschaft auf der Spur\u201c <\/strong> <\/span><br>\n<img decoding=\"async\" style=\"margin-top: -20px; margin-right: -30px;\" src=\"https:\/\/www.mehrgenerationenhaus-hassfurt.de\/mgh\/wp-cnt\/uploads\/ausgebucht_tr.jpg\" alt=\"ausgebucht\" width=\"230\" class=\"alignright size-full wp-image-27097\" srcset=\"https:\/\/www.mehrgenerationenhaus-hassfurt.de\/mgh\/wp-cnt\/uploads\/ausgebucht_tr.jpg 280w, https:\/\/www.mehrgenerationenhaus-hassfurt.de\/mgh\/wp-cnt\/uploads\/ausgebucht_tr-150x64.jpg 150w\" sizes=\"(max-width: 280px) 100vw, 280px\">f\u00fcr Kin\u00adder im Al\u00adter von 6 bis 12 Jahren<br>\nOrt: BRK Mit\u00adtags- und Ganztagsbetreuung<br>\nZeit: 07:30 bis 17:00 Uhr<br>\nKos\u00adten: \u20ac 16,\u2013\/Tag<br>\n\u2192 <a href=\"https:\/\/www.mehrgenerationenhaus-hassfurt.de\/mgh\/wp-cnt\/uploads\/eb2018_sommer2_2.pdf\" target=\"_blank&quot;\">El\u00adtern\u00adbrief down\u00adloa\u00adden<\/a> <\/p>\n<p><!-- <span style=\"background-color: #c9c9c9;\"><strong>14.08. - 18.08.2018: Sommer III <\/strong><\/span> <span style=\"color: #2299cc;\"><strong>&nbsp; Kunterbunte offene Ferienbetreuung<\/strong> <\/span>\nf\u00fcr Kinder im Alter von 6 bis 12 Jahren\nOrt: BRK Mittags- und Ganztagsbetreuung\nZeit: 07:30 bis 17:00 Uhr\nKosten: \u20ac 16,\u2013\/Tag\n\u2192 <a href=\"https:\/\/www.mehrgenerationenhaus-hassfurt.de\/mgh\/wp-cnt\/uploads\/Elternbrief-SFP3-OffeneBetreuung.pdf\" target=_blank\">Elternbrief downloaden<\/a> --><\/p>\n<p><span style=\"background-color: #c9c9c9;\"><strong>20.08. \u2013 24.08.2018: Som\u00admer&nbsp;IV&nbsp;<\/strong><\/span><br>\n<span style=\"color: #2299cc;\"><strong><span class=\"push-double\"><\/span>\u200b<span class=\"pull-double\">\u201e<\/span>Re\u00adcy\u00adcling &amp; Co. \u2013 M\u00fcll wie\u00adder\u00adver\u00adwen\u00adden\u2026 \u201c<\/strong> <\/span><br>\n<img decoding=\"async\" style=\"margin-top: -20px; margin-right: -30px;\" src=\"https:\/\/www.mehrgenerationenhaus-hassfurt.de\/mgh\/wp-cnt\/uploads\/ausgebucht_tr.jpg\" alt=\"ausgebucht\" width=\"230\" class=\"alignright size-full wp-image-27097\" srcset=\"https:\/\/www.mehrgenerationenhaus-hassfurt.de\/mgh\/wp-cnt\/uploads\/ausgebucht_tr.jpg 280w, https:\/\/www.mehrgenerationenhaus-hassfurt.de\/mgh\/wp-cnt\/uploads\/ausgebucht_tr-150x64.jpg 150w\" sizes=\"(max-width: 280px) 100vw, 280px\">f\u00fcr Kin\u00adder im Al\u00adter von 6 bis 12 Jahren<br>\nOrt: BRK Mit\u00adtags- und Ganztagsbetreuung<br>\nZeit: 07:30 bis 17:00 Uhr<br>\nKos\u00adten: \u20ac&nbsp;80,\u2013<br>\n\u2192 <a href=\"https:\/\/www.mehrgenerationenhaus-hassfurt.de\/mgh\/wp-cnt\/uploads\/eb2018_sommer4_2.pdf\" target=\"_blank&quot;\">El\u00adtern\u00adbrief downloaden<\/a><\/p>\n<p><span style=\"background-color: #c9c9c9;\"><strong>28.08. \u2013 31.08.2018: Som\u00admer V <\/strong><\/span> <span style=\"color: #2299cc;\"><strong>&nbsp; <span class=\"push-double\"><\/span>\u200b<span class=\"pull-double\">\u201e<\/span>FIT f\u00fcr die SCHULE\u201c&nbsp;<\/strong><\/span><br>\n<!-- <img decoding=\"async\" style=\"margin-top: -20px; margin-right: -30px;\" src=\"https:\/\/www.mehrgenerationenhaus-hassfurt.de\/mgh\/wp-cnt\/uploads\/ausgebucht_tr.jpg\" alt=\"ausgebucht\" width=\"230\" class=\"alignright size-full wp-image-27097\" srcset=\"https:\/\/www.mehrgenerationenhaus-hassfurt.de\/mgh\/wp-cnt\/uploads\/ausgebucht_tr.jpg 280w, https:\/\/www.mehrgenerationenhaus-hassfurt.de\/mgh\/wp-cnt\/uploads\/ausgebucht_tr-150x64.jpg 150w\" sizes=\"(max-width: 280px) 100vw, 280px\" \/> --><strong><span style=\"color: #ff0000;\">(nur f\u00fcr Vorschulkinder)<\/span><\/strong><br>\nOrt: BRK Mit\u00adtags- und Ganztagsbetreuung<br>\nZeit: 07:30 bis 17:00 Uhr<br>\nKos\u00adten: \u20ac&nbsp;80,\u2013<br>\n\u2192 <a href=\"https:\/\/www.mehrgenerationenhaus-hassfurt.de\/mgh\/wp-cnt\/uploads\/eb2018_fit_schule_2.pdf\" target=\"_blank&quot;\">El\u00adtern\u00adbrief downloaden<\/a><\/p>\n<p><span style=\"background-color: #c9c9c9;\"><strong>03.09. \u2013 07.09.2018: Som\u00admer VI <\/strong><\/span> <span style=\"color: #2299cc;\"><strong>&nbsp; <span class=\"push-double\"><\/span>\u200b<span class=\"pull-double\">\u201e<\/span>Fe\u00adri\u00aden\u00adKUNST\u00adwo\u00adche\u201c <\/strong><\/span><br>\n<!-- <img decoding=\"async\" style=\"margin-top: -20px; margin-right: -30px;\" src=\"https:\/\/www.mehrgenerationenhaus-hassfurt.de\/mgh\/wp-cnt\/uploads\/ausgebucht_tr.jpg\" alt=\"ausgebucht\" width=\"230\" class=\"alignright size-full wp-image-27097\" srcset=\"https:\/\/www.mehrgenerationenhaus-hassfurt.de\/mgh\/wp-cnt\/uploads\/ausgebucht_tr.jpg 280w, https:\/\/www.mehrgenerationenhaus-hassfurt.de\/mgh\/wp-cnt\/uploads\/ausgebucht_tr-150x64.jpg 150w\" sizes=\"(max-width: 280px) 100vw, 280px\" \/> -->Ort: Kunst\u00adhaus der Stadt Ha\u00df\u00adfurt, Haupt\u00adstra\u00ad\u00dfe&nbsp;35<br>\nZeit: 07:30 bis 17:00 Uhr<br>\nKos\u00adten: \u20ac&nbsp;160,\u2013<br>\n\u2192 <a href=\"https:\/\/www.mehrgenerationenhaus-hassfurt.de\/mgh\/wp-cnt\/uploads\/eb2018_sommer6_fekuwo_fabercastell.pdf\" target=\"_blank&quot;\">El\u00adtern\u00adbrief downloaden<\/a><\/p>\n<hr>\n<p><strong>Link zum Thema:&nbsp;<\/strong><br>\n\u2192 <a href=\"https:\/\/www.mehrgenerationenhaus-hassfurt.de\/mgh\/angebote\/ferienprogramme-aktuell\/\">Fe\u00adri\u00aden\u00adpro\u00adgram\u00adme<\/a> ak\u00adtu\u00adel\u00adles&nbsp;Jahr<\/p>\n","protected":false},"excerpt":{"rendered":"<p>Ter\u00admi\u00adne und The\u00admen 2018 02.11. \u2013 03.11.2017: Herbst 2017 &nbsp;\u200b\u201eMit Ge\u00adju\u00adbel und Ge\u00adbell in die Fe\u00adri\u00aden \u2013 fe\u00adri\u00aden\u00adhaf\u00adte Tier\u00adbe\u00adgeg\u00adnun\u00adgen\u201c f\u00fcr Kin\u00adder im Al\u00adter von 6 bis 12 Jah\u00adren Ort: BRK Mit\u00ad\u00adtags- und Ganz\u00adtags\u00adbe\u00adtreu\u00adung Zeit: 07:30 bis 17:00 Uhr Kos\u00adten: \u20ac&nbsp;32,\u2013 \u2192 El\u00adtern\u00adbrief down\u00adloa\u00adden 22.11.2017: Bu\u00df- und Bet\u00adtag&nbsp;2017&nbsp; &nbsp;Kin\u00adder\u00adbe\u00adtreu\u00adung: \u200b\u201eFarbexplosion\/\u200b\u200bFlie\u00dftechniken\u201c f\u00fcr Kin\u00adder im Al\u00adter von&nbsp;6&nbsp;<\/p>\n<p class=\"excerpt-link\"><a class=\"read-more\" href=\"https:\/\/www.mehrgenerationenhaus-hassfurt.de\/mgh\/ferienprogramme-2018\/\">Read More \u2192<\/a><\/p>\n","protected":false},"author":3,"featured_media":4022,"parent":0,"menu_order":0,"comment_status":"closed","ping_status":"closed","template":"","meta":{"inline_featured_image":false,"wp_typography_post_enhancements_disabled":false,"_mc_calendar":[],"footnotes":""},"class_list":["post-44622","page","type-page","status-publish","has-post-thumbnail","hentry"],"yoast_head":"<!-- This site is optimized with the Yoast SEO plugin v27.3 - https:\/\/yoast.com\/product\/yoast-seo-wordpress\/ -->\n<title>Ferienprogramme 2018 | Mehrgenerationenhaus Ha\u00dffurt<\/title>\n<meta name=\"description\" content=\"Liste der Ferienprogramme 2018 im Mehrgenerationenhaus Ha\u00dffurt unter der Tr\u00e4gerschaft des Bayerischen Roten Kreuzes Kreisverband Ha\u00dfberge\" \/>\n<meta name=\"robots\" content=\"index, follow, max-snippet:-1, max-image-preview:large, max-video-preview:-1\" \/>\n<link rel=\"canonical\" href=\"https:\/\/www.mehrgenerationenhaus-hassfurt.de\/mgh\/ferienprogramme-2018\/\" \/>\n<meta property=\"og:locale\" content=\"de_DE\" \/>\n<meta property=\"og:type\" content=\"article\" \/>\n<meta property=\"og:title\" content=\"Ferienprogramme 2018 | Mehrgenerationenhaus Ha\u00dffurt\" \/>\n<meta property=\"og:description\" content=\"Liste der Ferienprogramme 2018 im Mehrgenerationenhaus Ha\u00dffurt unter der Tr\u00e4gerschaft des Bayerischen Roten Kreuzes Kreisverband Ha\u00dfberge\" \/>\n<meta property=\"og:url\" content=\"https:\/\/www.mehrgenerationenhaus-hassfurt.de\/mgh\/ferienprogramme-2018\/\" \/>\n<meta property=\"og:site_name\" content=\"Mehrgenerationenhaus Ha\u00dffurt\" \/>\n<meta property=\"article:publisher\" content=\"https:\/\/de-de.facebook.com\/mehrgenerationenhausHAS\/\" \/>\n<meta property=\"article:modified_time\" content=\"2021-02-03T20:44:44+00:00\" \/>\n<!-- \/ Yoast SEO plugin. -->","yoast_head_json":{"title":"Ferienprogramme 2018 | Mehrgenerationenhaus Ha\u00dffurt","description":"Liste der Ferienprogramme 2018 im Mehrgenerationenhaus Ha\u00dffurt unter der Tr\u00e4gerschaft des Bayerischen Roten Kreuzes Kreisverband Ha\u00dfberge","robots":{"index":"index","follow":"follow","max-snippet":"max-snippet:-1","max-image-preview":"max-image-preview:large","max-video-preview":"max-video-preview:-1"},"canonical":"https:\/\/www.mehrgenerationenhaus-hassfurt.de\/mgh\/ferienprogramme-2018\/","og_locale":"de_DE","og_type":"article","og_title":"Ferienprogramme 2018 | Mehrgenerationenhaus Ha\u00dffurt","og_description":"Liste der Ferienprogramme 2018 im Mehrgenerationenhaus Ha\u00dffurt unter der Tr\u00e4gerschaft des Bayerischen Roten Kreuzes Kreisverband Ha\u00dfberge","og_url":"https:\/\/www.mehrgenerationenhaus-hassfurt.de\/mgh\/ferienprogramme-2018\/","og_site_name":"Mehrgenerationenhaus Ha\u00dffurt","article_publisher":"https:\/\/de-de.facebook.com\/mehrgenerationenhausHAS\/","article_modified_time":"2021-02-03T20:44:44+00:00","schema":{"@context":"https:\/\/schema.org","@graph":[{"@type":"WebPage","@id":"https:\/\/www.mehrgenerationenhaus-hassfurt.de\/mgh\/ferienprogramme-2018\/","url":"https:\/\/www.mehrgenerationenhaus-hassfurt.de\/mgh\/ferienprogramme-2018\/","name":"Ferienprogramme 2018 | Mehrgenerationenhaus Ha\u00dffurt","isPartOf":{"@id":"https:\/\/www.mehrgenerationenhaus-hassfurt.de\/mgh\/#website"},"primaryImageOfPage":{"@id":"https:\/\/www.mehrgenerationenhaus-hassfurt.de\/mgh\/ferienprogramme-2018\/#primaryimage"},"image":{"@id":"https:\/\/www.mehrgenerationenhaus-hassfurt.de\/mgh\/ferienprogramme-2018\/#primaryimage"},"thumbnailUrl":"","datePublished":"2018-09-06T08:22:09+00:00","dateModified":"2021-02-03T20:44:44+00:00","description":"Liste der Ferienprogramme 2018 im Mehrgenerationenhaus Ha\u00dffurt unter der Tr\u00e4gerschaft des Bayerischen Roten Kreuzes Kreisverband Ha\u00dfberge","breadcrumb":{"@id":"https:\/\/www.mehrgenerationenhaus-hassfurt.de\/mgh\/ferienprogramme-2018\/#breadcrumb"},"inLanguage":"de","potentialAction":[{"@type":"ReadAction","target":["https:\/\/www.mehrgenerationenhaus-hassfurt.de\/mgh\/ferienprogramme-2018\/"]}]},{"@type":"ImageObject","inLanguage":"de","@id":"https:\/\/www.mehrgenerationenhaus-hassfurt.de\/mgh\/ferienprogramme-2018\/#primaryimage","url":"","contentUrl":""},{"@type":"BreadcrumbList","@id":"https:\/\/www.mehrgenerationenhaus-hassfurt.de\/mgh\/ferienprogramme-2018\/#breadcrumb","itemListElement":[{"@type":"ListItem","position":1,"name":"Startseite","item":"https:\/\/www.mehrgenerationenhaus-hassfurt.de\/mgh\/"},{"@type":"ListItem","position":2,"name":"Ferienprogramme 2018"}]},{"@type":"WebSite","@id":"https:\/\/www.mehrgenerationenhaus-hassfurt.de\/mgh\/#website","url":"https:\/\/www.mehrgenerationenhaus-hassfurt.de\/mgh\/","name":"Mehrgenerationenhaus Ha\u00dffurt","description":"Mehrgenerationenhaus Ha\u00dffurt","publisher":{"@id":"https:\/\/www.mehrgenerationenhaus-hassfurt.de\/mgh\/#organization"},"potentialAction":[{"@type":"SearchAction","target":{"@type":"EntryPoint","urlTemplate":"https:\/\/www.mehrgenerationenhaus-hassfurt.de\/mgh\/?s={search_term_string}"},"query-input":{"@type":"PropertyValueSpecification","valueRequired":true,"valueName":"search_term_string"}}],"inLanguage":"de"},{"@type":"Organization","@id":"https:\/\/www.mehrgenerationenhaus-hassfurt.de\/mgh\/#organization","name":"Mehrgenerationenhaus Ha\u00dffurt","url":"https:\/\/www.mehrgenerationenhaus-hassfurt.de\/mgh\/","logo":{"@type":"ImageObject","inLanguage":"de","@id":"https:\/\/www.mehrgenerationenhaus-hassfurt.de\/mgh\/#\/schema\/logo\/image\/","url":"https:\/\/www.mehrgenerationenhaus-hassfurt.de\/mgh\/wp-cnt\/uploads\/MGH_Logo_2020_hassfurt-scaled.jpg","contentUrl":"https:\/\/www.mehrgenerationenhaus-hassfurt.de\/mgh\/wp-cnt\/uploads\/MGH_Logo_2020_hassfurt-scaled.jpg","width":2560,"height":1162,"caption":"Mehrgenerationenhaus Ha\u00dffurt"},"image":{"@id":"https:\/\/www.mehrgenerationenhaus-hassfurt.de\/mgh\/#\/schema\/logo\/image\/"},"sameAs":["https:\/\/de-de.facebook.com\/mehrgenerationenhausHAS\/"]}]}},"publishpress_future_workflow_manual_trigger":{"enabledWorkflows":[]},"_links":{"self":[{"href":"https:\/\/www.mehrgenerationenhaus-hassfurt.de\/mgh\/wp-json\/wp\/v2\/pages\/44622","targetHints":{"allow":["GET"]}}],"collection":[{"href":"https:\/\/www.mehrgenerationenhaus-hassfurt.de\/mgh\/wp-json\/wp\/v2\/pages"}],"about":[{"href":"https:\/\/www.mehrgenerationenhaus-hassfurt.de\/mgh\/wp-json\/wp\/v2\/types\/page"}],"author":[{"embeddable":true,"href":"https:\/\/www.mehrgenerationenhaus-hassfurt.de\/mgh\/wp-json\/wp\/v2\/users\/3"}],"replies":[{"embeddable":true,"href":"https:\/\/www.mehrgenerationenhaus-hassfurt.de\/mgh\/wp-json\/wp\/v2\/comments?post=44622"}],"version-history":[{"count":0,"href":"https:\/\/www.mehrgenerationenhaus-hassfurt.de\/mgh\/wp-json\/wp\/v2\/pages\/44622\/revisions"}],"wp:featuredmedia":[{"embeddable":true,"href":"https:\/\/www.mehrgenerationenhaus-hassfurt.de\/mgh\/wp-json\/"}],"wp:attachment":[{"href":"https:\/\/www.mehrgenerationenhaus-hassfurt.de\/mgh\/wp-json\/wp\/v2\/media?parent=44622"}],"curies":[{"name":"wp","href":"https:\/\/api.w.org\/{rel}","templated":true}]}}