{"id":45537,"date":"2019-01-23T21:22:51","date_gmt":"2019-01-23T20:22:51","guid":{"rendered":"https:\/\/www.mehrgenerationenhaus-hassfurt.de\/mgh\/?page_id=45537"},"modified":"2025-09-08T10:13:02","modified_gmt":"2025-09-08T08:13:02","slug":"digitale-stammtische","status":"publish","type":"page","link":"https:\/\/www.mehrgenerationenhaus-hassfurt.de\/mgh\/angebote\/digitale-stammtische\/","title":{"rendered":"Digitale Stammtische"},"content":{"rendered":"<p><img loading=\"lazy\" decoding=\"async\" src=\"https:\/\/www.mehrgenerationenhaus-hassfurt.de\/mgh\/wp-cnt\/uploads\/digi_stammtisch2023_c580.jpg\" alt=\"Digitale Stammtische (Fotos: Ren\u00e9 Ruprecht)\" width=\"580\" height=\"125\" class=\"alignnone size-full wp-image-53551\" srcset=\"https:\/\/www.mehrgenerationenhaus-hassfurt.de\/mgh\/wp-cnt\/uploads\/digi_stammtisch2023_c580.jpg 580w, https:\/\/www.mehrgenerationenhaus-hassfurt.de\/mgh\/wp-cnt\/uploads\/digi_stammtisch2023_c580-300x65.jpg 300w\" sizes=\"auto, (max-width: 580px) 100vw, 580px\"><\/p>\n<p>Die Di\u00adgi\u00adta\u00adlen Stamm\u00adti\u00adsche er\u00adm\u00f6g\u00adli\u00adchen ei\u00adnen Aus\u00adtausch zu ak\u00adtu\u00adel\u00adlen The\u00admen der Di\u00adgi\u00adta\u00adli\u00adsie\u00adrung mit Fach\u00adleu\u00adten so\u00adwie Gleich\u00adge\u00adsinn\u00adten deutsch\u00adland\u00adweit. Zu\u00aderst wer\u00adden mit\u00adein\u00adan\u00adder auf ei\u00adnem gro\u00ad\u00dfen Bild\u00adschirm oder ei\u00adner Lein\u00adwand On\u00adline-Vor\u00adtr\u00e4\u00adge von Ex\u00adper\u00adtin\u00adnen und Ex\u00adper\u00adten ver\u00adfolgt. An\u00adschlie\u00ad\u00dfend wird sich un\u00adter\u00adein\u00adan\u00adder bei Kaf\u00adfee und Snacks \u00fcber den Vor\u00adtrag aus\u00adge\u00adtauscht. Zu\u00addem be\u00adsteht die M\u00f6g\u00adlich\u00adkeit, ent\u00adstan\u00adde\u00adne Fra\u00adgen zu kl\u00e4\u00adren: so\u00adwohl durch die Fach\u00adleu\u00adte im On\u00adline-Vor\u00adtrag als auch im per\u00ads\u00f6n\u00adli\u00adchen Ge\u00adspr\u00e4ch vor&nbsp;Ort.<\/p>\n<p>Die The\u00admen ori\u00aden\u00adtie\u00adren sich da\u00adbei an den W\u00fcn\u00adschen und Ideen der Teil\u00adneh\u00admen\u00adden. So fin\u00adden bei\u00adspiels\u00adwei\u00adse Di\u00adgi\u00adta\u00adle Stamm\u00adti\u00adsche zur Elek\u00adtro\u00adni\u00adschen Pa\u00adti\u00aden\u00adten\u00adak\u00adte, zu En\u00adkel\u00adtricks oder zu Sprach\u00adas\u00adsis\u00adten\u00adten statt, um nur eine Aus\u00adwahl der Band\u00adbrei\u00adte zu nen\u00adnen. Das Re\u00adper\u00adtoire ist gro\u00df und hat f\u00fcr je\u00adden et\u00adwas zu bieten.<\/p>\n<p>Be\u00adson\u00adders Se\u00adnio\u00adrin\u00adnen und Se\u00adnio\u00adren pro\u00adfi\u00adtie\u00adren von dem An\u00adge\u00adbot, von den ein\u00adfa\u00adchen Er\u00adkl\u00e4\u00adrungs\u00adwei\u00adsen der Fach\u00adleu\u00adte und der Be\u00adgeg\u00adnung mit Gleich\u00adge\u00adsinn\u00adten. So mer\u00adken sie, dass sie in der ver\u00admeint\u00adlich rie\u00adsi\u00adgen und ra\u00adsen\u00adden di\u00adgi\u00adta\u00adlen Welt nicht al\u00adlein sind und dass An\u00adde\u00adre \u00e4hn\u00adli\u00adche Fra\u00adgen, Pro\u00adble\u00adme und Sor\u00adgen ha\u00adben. Die Di\u00adgi\u00adta\u00adlen Stamm\u00adti\u00adsche zie\u00adlen dar\u00adauf ab, neu\u00adgie\u00adrig auf die di\u00adgi\u00adta\u00adle Welt zu ma\u00adchen, Wis\u00adsens\u00adl\u00fc\u00adcken zu schlie\u00ad\u00dfen und Be\u00adr\u00fch\u00adrungs\u00ad\u00e4ngs\u00adte ab\u00adzu\u00adbau\u00aden. So\u00admit wird den \u00e4l\u00adte\u00adren Men\u00adschen di\u00adgi\u00adta\u00adle Teil\u00adha\u00adbe und ein selbst\u00adbe\u00adstimm\u00adtes Le\u00adben im Al\u00adter erm\u00f6glicht.<\/p>\n<p>Kom\u00admen Sie vor\u00adbei und di\u00adgi\u00adta\u00adli\u00adsie\u00adren Sie mit! Das MGH-Team, Ex\u00adper\u00adten und frei\u00adwil\u00adlig En\u00adga\u00adgier\u00adte freu\u00aden sich auf ei\u00adnen ge\u00admein\u00adsa\u00admen Aus\u00adtausch in ge\u00adm\u00fct\u00adli\u00adcher Atmosph\u00e4re.<\/p>\n<p><!--\n<a href=\"https:\/\/www.stmas.bayern.de\/senioren\/aktives-altern\/digitalisierung-im-alter.php\" target=\"_blank\" rel=\"noopener noreferrer\"><img loading=\"lazy\" decoding=\"async\" style=\"margin-top: -32px;\" src=\"https:\/\/www.mehrgenerationenhaus-hassfurt.de\/mgh\/wp-cnt\/uploads\/MuT-Logo-200.jpg\" alt=\"MuT\u201c ist ein Akronym f\u00fcr \u201eMedien und Technik\u201c und soll gleichzeitig die Offenheit ausdr\u00fccken, auch im h\u00f6heren Alter noch neue Kompetenzen zum Umgang mit digitalen Medien zu erlernen . \u201eMuT-Punkte\u201c sollen als gemeinsame Dachmarke f\u00fcr Anlaufstellen mit entsprechenden Angeboten etabliert werden. \" width=\"200\" height=\"157\" class=\"alignright size-full wp-image-48955\" \/><\/a>Das Projekt \u201eDigitale Stammtische\u201c ist Teil der \n<a href=\"https:\/\/www.mehrgenerationenhaus-hassfurt.de\/mgh\/angebote-zukunftswerkstatt-digitalisierung\/\">Zukunftswerkstatt Digitalisierung<\/a> und m\u00f6chte vor allem die \u00e4ltere Generation an die Themen der Digitalisierung heranf\u00fchren und sie zu kompetenten Partnern in der digitalen Welt machen.--><\/p>\n<div>\n<table>\n<tbody>\n<tr>\n<th align=\"left\" valign=\"top\">Wo<\/th>\n<td class=\"cellgray\">Mehr\u00adge\u00adne\u00adra\u00adtio\u00adnen\u00adhaus Ha\u00dffurt<br>\nMarkt\u00adplatz 10<br>\n97437 Ha\u00dffurt<\/td>\n<\/tr>\n<tr>\n<th align=\"left\" valign=\"top\">Wann<\/th>\n<td class=\"cellgray\">Ter\u00admi\u00adne auf An\u00adfra\u00adge: <br>Tel: 09521\/952825\u20130<!-- <strong>genaue Termine siehe <span style=\"color: #000000;\"><a title=\"Veranstaltungskalender\" href=\"https:\/\/www.mehrgenerationenhaus-hassfurt.de\/mgh\/kalender\/\"><span style=\"color: #000000;\">Veranstaltungskalender<\/span><\/a><\/span>--><\/td>\n<\/tr>\n<tr>\n<th align=\"left\" valign=\"top\">An\u00admel\u00addung\n<\/th><td class=\"cellgray\" align=\"left\" valign=\"top\" width=\"430\">Eine An\u00admel\u00addung ist nicht notwendig<\/td>\n<\/tr>\n<tr>\n<th align=\"left\" valign=\"top\">Kos\u00adten\n<\/th><td class=\"cellgray\" align=\"left\" valign=\"top\" width=\"430\">Kos\u00adten\u00adlos<\/td>\n<\/tr>\n<\/tbody>\n<\/table>\n<\/div>\n","protected":false},"excerpt":{"rendered":"<p>Die Di\u00adgi\u00adta\u00adlen Stamm\u00adti\u00adsche er\u00adm\u00f6g\u00adli\u00adchen ei\u00adnen Aus\u00adtausch zu ak\u00adtu\u00adel\u00adlen The\u00admen der Di\u00adgi\u00adta\u00adli\u00adsie\u00adrung mit Fach\u00adleu\u00adten so\u00adwie Gleich\u00adge\u00adsinn\u00adten deutsch\u00adland\u00adweit. Zu\u00aderst wer\u00adden mit\u00adein\u00adan\u00adder auf ei\u00adnem gro\u00ad\u00dfen Bild\u00adschirm oder ei\u00adner Lein\u00adwand On\u00ad\u00adli\u00adne-Vor\u00ad\u00ad\u00adtr\u00e4\u00ad\u00adge von Ex\u00adper\u00adtin\u00adnen und Ex\u00adper\u00adten ver\u00adfolgt. An\u00adschlie\u00ad\u00dfend wird sich un\u00adter\u00adein\u00adan\u00adder bei Kaf\u00adfee und Snacks \u00fcber den Vor\u00adtrag aus\u00adge\u00adtauscht. Zu\u00addem be\u00adsteht die M\u00f6g\u00adlich\u00adkeit, ent\u00adstan\u00adde\u00adne Fra\u00adgen zu kl\u00e4\u00adren: so\u00adwohl durch die&nbsp;<\/p>\n<p class=\"excerpt-link\"><a class=\"read-more\" href=\"https:\/\/www.mehrgenerationenhaus-hassfurt.de\/mgh\/angebote\/digitale-stammtische\/\">Read More \u2192<\/a><\/p>\n","protected":false},"author":3,"featured_media":6609,"parent":219,"menu_order":0,"comment_status":"closed","ping_status":"closed","template":"","meta":{"inline_featured_image":false,"wp_typography_post_enhancements_disabled":false,"_mc_calendar":[],"footnotes":""},"class_list":["post-45537","page","type-page","status-publish","has-post-thumbnail","hentry"],"yoast_head":"<!-- This site is optimized with the Yoast SEO plugin v27.5 - https:\/\/yoast.com\/product\/yoast-seo-wordpress\/ -->\n<title>Digitale Stammtische | Mehrgenerationenhaus Ha\u00dffurt<\/title>\n<meta name=\"description\" content=\"Digitale Stammtische erm\u00f6glichen den Austausch zu aktuellen Themen mit Experten und Gleichgesinnten weltweit.\" \/>\n<meta name=\"robots\" content=\"index, follow, max-snippet:-1, max-image-preview:large, max-video-preview:-1\" \/>\n<link rel=\"canonical\" href=\"https:\/\/www.mehrgenerationenhaus-hassfurt.de\/mgh\/angebote\/digitale-stammtische\/\" \/>\n<meta property=\"og:locale\" content=\"de_DE\" \/>\n<meta property=\"og:type\" content=\"article\" \/>\n<meta property=\"og:title\" content=\"Digitale Stammtische | Mehrgenerationenhaus Ha\u00dffurt\" \/>\n<meta property=\"og:description\" content=\"Digitale Stammtische erm\u00f6glichen den Austausch zu aktuellen Themen mit Experten und Gleichgesinnten weltweit.\" \/>\n<meta property=\"og:url\" content=\"https:\/\/www.mehrgenerationenhaus-hassfurt.de\/mgh\/angebote\/digitale-stammtische\/\" \/>\n<meta property=\"og:site_name\" content=\"Mehrgenerationenhaus Ha\u00dffurt\" \/>\n<meta property=\"article:publisher\" content=\"https:\/\/de-de.facebook.com\/mehrgenerationenhausHAS\/\" \/>\n<meta property=\"article:modified_time\" content=\"2025-09-08T08:13:02+00:00\" \/>\n<!-- \/ Yoast SEO plugin. -->","yoast_head_json":{"title":"Digitale Stammtische | Mehrgenerationenhaus Ha\u00dffurt","description":"Digitale Stammtische erm\u00f6glichen den Austausch zu aktuellen Themen mit Experten und Gleichgesinnten weltweit.","robots":{"index":"index","follow":"follow","max-snippet":"max-snippet:-1","max-image-preview":"max-image-preview:large","max-video-preview":"max-video-preview:-1"},"canonical":"https:\/\/www.mehrgenerationenhaus-hassfurt.de\/mgh\/angebote\/digitale-stammtische\/","og_locale":"de_DE","og_type":"article","og_title":"Digitale Stammtische | Mehrgenerationenhaus Ha\u00dffurt","og_description":"Digitale Stammtische erm\u00f6glichen den Austausch zu aktuellen Themen mit Experten und Gleichgesinnten weltweit.","og_url":"https:\/\/www.mehrgenerationenhaus-hassfurt.de\/mgh\/angebote\/digitale-stammtische\/","og_site_name":"Mehrgenerationenhaus Ha\u00dffurt","article_publisher":"https:\/\/de-de.facebook.com\/mehrgenerationenhausHAS\/","article_modified_time":"2025-09-08T08:13:02+00:00","schema":{"@context":"https:\/\/schema.org","@graph":[{"@type":"WebPage","@id":"https:\/\/www.mehrgenerationenhaus-hassfurt.de\/mgh\/angebote\/digitale-stammtische\/","url":"https:\/\/www.mehrgenerationenhaus-hassfurt.de\/mgh\/angebote\/digitale-stammtische\/","name":"Digitale Stammtische | Mehrgenerationenhaus Ha\u00dffurt","isPartOf":{"@id":"https:\/\/www.mehrgenerationenhaus-hassfurt.de\/mgh\/#website"},"primaryImageOfPage":{"@id":"https:\/\/www.mehrgenerationenhaus-hassfurt.de\/mgh\/angebote\/digitale-stammtische\/#primaryimage"},"image":{"@id":"https:\/\/www.mehrgenerationenhaus-hassfurt.de\/mgh\/angebote\/digitale-stammtische\/#primaryimage"},"thumbnailUrl":"","datePublished":"2019-01-23T20:22:51+00:00","dateModified":"2025-09-08T08:13:02+00:00","description":"Digitale Stammtische erm\u00f6glichen den Austausch zu aktuellen Themen mit Experten und Gleichgesinnten weltweit.","breadcrumb":{"@id":"https:\/\/www.mehrgenerationenhaus-hassfurt.de\/mgh\/angebote\/digitale-stammtische\/#breadcrumb"},"inLanguage":"de","potentialAction":[{"@type":"ReadAction","target":["https:\/\/www.mehrgenerationenhaus-hassfurt.de\/mgh\/angebote\/digitale-stammtische\/"]}]},{"@type":"ImageObject","inLanguage":"de","@id":"https:\/\/www.mehrgenerationenhaus-hassfurt.de\/mgh\/angebote\/digitale-stammtische\/#primaryimage","url":"","contentUrl":""},{"@type":"BreadcrumbList","@id":"https:\/\/www.mehrgenerationenhaus-hassfurt.de\/mgh\/angebote\/digitale-stammtische\/#breadcrumb","itemListElement":[{"@type":"ListItem","position":1,"name":"Startseite","item":"https:\/\/www.mehrgenerationenhaus-hassfurt.de\/mgh\/"},{"@type":"ListItem","position":2,"name":"Angebote und Dienstleistungen","item":"https:\/\/www.mehrgenerationenhaus-hassfurt.de\/mgh\/angebote\/"},{"@type":"ListItem","position":3,"name":"Digitale Stammtische"}]},{"@type":"WebSite","@id":"https:\/\/www.mehrgenerationenhaus-hassfurt.de\/mgh\/#website","url":"https:\/\/www.mehrgenerationenhaus-hassfurt.de\/mgh\/","name":"Mehrgenerationenhaus Ha\u00dffurt","description":"Mehrgenerationenhaus Ha\u00dffurt","publisher":{"@id":"https:\/\/www.mehrgenerationenhaus-hassfurt.de\/mgh\/#organization"},"potentialAction":[{"@type":"SearchAction","target":{"@type":"EntryPoint","urlTemplate":"https:\/\/www.mehrgenerationenhaus-hassfurt.de\/mgh\/?s={search_term_string}"},"query-input":{"@type":"PropertyValueSpecification","valueRequired":true,"valueName":"search_term_string"}}],"inLanguage":"de"},{"@type":"Organization","@id":"https:\/\/www.mehrgenerationenhaus-hassfurt.de\/mgh\/#organization","name":"Mehrgenerationenhaus Ha\u00dffurt","url":"https:\/\/www.mehrgenerationenhaus-hassfurt.de\/mgh\/","logo":{"@type":"ImageObject","inLanguage":"de","@id":"https:\/\/www.mehrgenerationenhaus-hassfurt.de\/mgh\/#\/schema\/logo\/image\/","url":"https:\/\/www.mehrgenerationenhaus-hassfurt.de\/mgh\/wp-cnt\/uploads\/MGH_Logo_2020_hassfurt-scaled.jpg","contentUrl":"https:\/\/www.mehrgenerationenhaus-hassfurt.de\/mgh\/wp-cnt\/uploads\/MGH_Logo_2020_hassfurt-scaled.jpg","width":2560,"height":1162,"caption":"Mehrgenerationenhaus Ha\u00dffurt"},"image":{"@id":"https:\/\/www.mehrgenerationenhaus-hassfurt.de\/mgh\/#\/schema\/logo\/image\/"},"sameAs":["https:\/\/de-de.facebook.com\/mehrgenerationenhausHAS\/"]}]}},"publishpress_future_workflow_manual_trigger":{"enabledWorkflows":[]},"_links":{"self":[{"href":"https:\/\/www.mehrgenerationenhaus-hassfurt.de\/mgh\/wp-json\/wp\/v2\/pages\/45537","targetHints":{"allow":["GET"]}}],"collection":[{"href":"https:\/\/www.mehrgenerationenhaus-hassfurt.de\/mgh\/wp-json\/wp\/v2\/pages"}],"about":[{"href":"https:\/\/www.mehrgenerationenhaus-hassfurt.de\/mgh\/wp-json\/wp\/v2\/types\/page"}],"author":[{"embeddable":true,"href":"https:\/\/www.mehrgenerationenhaus-hassfurt.de\/mgh\/wp-json\/wp\/v2\/users\/3"}],"replies":[{"embeddable":true,"href":"https:\/\/www.mehrgenerationenhaus-hassfurt.de\/mgh\/wp-json\/wp\/v2\/comments?post=45537"}],"version-history":[{"count":0,"href":"https:\/\/www.mehrgenerationenhaus-hassfurt.de\/mgh\/wp-json\/wp\/v2\/pages\/45537\/revisions"}],"up":[{"embeddable":true,"href":"https:\/\/www.mehrgenerationenhaus-hassfurt.de\/mgh\/wp-json\/wp\/v2\/pages\/219"}],"wp:featuredmedia":[{"embeddable":true,"href":"https:\/\/www.mehrgenerationenhaus-hassfurt.de\/mgh\/wp-json\/"}],"wp:attachment":[{"href":"https:\/\/www.mehrgenerationenhaus-hassfurt.de\/mgh\/wp-json\/wp\/v2\/media?parent=45537"}],"curies":[{"name":"wp","href":"https:\/\/api.w.org\/{rel}","templated":true}]}}