{"id":55099,"date":"2025-04-23T19:31:54","date_gmt":"2025-04-23T17:31:54","guid":{"rendered":"https:\/\/www.mehrgenerationenhaus-hassfurt.de\/mgh\/?page_id=55099"},"modified":"2025-05-05T12:58:51","modified_gmt":"2025-05-05T10:58:51","slug":"spielenachmittage-fuer-alle-generationen","status":"publish","type":"page","link":"https:\/\/www.mehrgenerationenhaus-hassfurt.de\/mgh\/angebote\/spielenachmittage-fuer-alle-generationen\/","title":{"rendered":"Spielenachmittage f\u00fcr alle Generationen"},"content":{"rendered":"<p><img loading=\"lazy\" decoding=\"async\" src=\"https:\/\/www.mehrgenerationenhaus-hassfurt.de\/mgh\/wp-cnt\/uploads\/spielenachm_c580.jpg\" alt=\"Spielenachmittage f\u00fcr alle Generationen\" width=\"580\" height=\"125\" class=\"alignnone size-full wp-image-55102\" srcset=\"https:\/\/www.mehrgenerationenhaus-hassfurt.de\/mgh\/wp-cnt\/uploads\/spielenachm_c580.jpg 580w, https:\/\/www.mehrgenerationenhaus-hassfurt.de\/mgh\/wp-cnt\/uploads\/spielenachm_c580-300x65.jpg 300w\" sizes=\"auto, (max-width: 580px) 100vw, 580px\"><\/p>\n<p>Die Spie\u00adle\u00adnach\u00admit\u00adta\u00adge sind ein of\u00adfe\u00adnes An\u00adge\u00adbot f\u00fcr Men\u00adschen je\u00adden Al\u00adters, die Freu\u00adde an Ge\u00adsell\u00adschafts\u00adspie\u00adlen und am Aus\u00adtausch in ge\u00adsel\u00adli\u00adger Run\u00adde ha\u00adben. In Ko\u00adope\u00adra\u00adtion mit dem Se\u00adnio\u00adren\u00adbei\u00adrat der Stadt Ha\u00df\u00adfurt wird so ein Raum ge\u00adschaf\u00adfen, in dem ge\u00adne\u00adra\u00adtio\u00adnen\u00ad\u00fcber\u00adgrei\u00adfen\u00adde Be\u00adgeg\u00adnung auf Au\u00adgen\u00adh\u00f6\u00adhe m\u00f6g\u00adlich wird. Ge\u00admein\u00adsa\u00admes Spie\u00adlen st\u00e4rkt das Mit\u00adein\u00adan\u00adder, f\u00f6r\u00addert den Aus\u00adtausch und bringt Men\u00adschen mit\u00adein\u00adan\u00adder ins Ge\u00adspr\u00e4ch \u2013 un\u00adab\u00adh\u00e4n\u00adgig von Al\u00adter oder Herkunft.<\/p>\n<p>Bei Kaf\u00adfee und Ku\u00adchen k\u00f6n\u00adnen ver\u00adschie\u00adde\u00adne Brett- und Kar\u00adten\u00adspie\u00adle aus\u00adpro\u00adbiert wer\u00adden. Ei\u00adge\u00adne Spie\u00adle d\u00fcr\u00adfen ger\u00adne mit\u00adge\u00adbracht wer\u00adden, um die Viel\u00adfalt der Nach\u00admit\u00adta\u00adge zu bereichern.&nbsp;<\/p>\n<p>Der Fo\u00adkus liegt auf der Freu\u00adde am ge\u00admein\u00adsa\u00admen Tun, nicht auf dem Ge\u00adwin\u00adnen. Will\u00adkom\u00admen sind alle, die ger\u00adne spie\u00adlen, neue Kon\u00adtak\u00adte kn\u00fcp\u00adfen oder ein\u00adfach in ent\u00adspann\u00adter At\u00admo\u00adsph\u00e4\u00adre Zeit ver\u00adbrin\u00adgen m\u00f6chten.<\/p>\n<div class=\"content-column three_fourth\"><div style=\"padding-right:20px;\">Mit den Spie\u00adle\u00adnach\u00admit\u00adta\u00adgen wird das Ziel ver\u00adfolgt, das so\u00adzia\u00adle und ge\u00adne\u00adra\u00adtio\u00adnen\u00ad\u00fcber\u00adgrei\u00adfen\u00adde Mit\u00adein\u00adan\u00adder in Ha\u00df\u00adfurt zu st\u00e4r\u00adken \u2013 ein Bei\u00adtrag zur F\u00f6r\u00adde\u00adrung b\u00fcr\u00adger\u00adschaft\u00adli\u00adchen En\u00adga\u00adge\u00adments und zur le\u00adben\u00addi\u00adgen Ge\u00adstal\u00adtung des Zu\u00adsam\u00admen\u00adle\u00adbens vor&nbsp;Ort.<\/div><\/div><div class=\"content-column one_fourth\"><img loading=\"lazy\" decoding=\"async\" style=\"margin-top: -30px;\" src=\"https:\/\/www.mehrgenerationenhaus-hassfurt.de\/mgh\/wp-cnt\/uploads\/logo_seniorenbeirat_has1_150.jpg\" alt=\"Seniorenbeirat der Stadt Ha\u00dffurt (Logo)\" width=\"150\" height=\"102\" class=\"alignright size-full wp-image-52537\"><\/div>\n<div>\n<table>\n<tbody>\n<tr>\n<th align=\"left\" valign=\"top\">Wo<\/th>\n<td class=\"cellgray\">\n<p style=\"font-size: 14px;\">Mehr\u00adge\u00adne\u00adra\u00adtio\u00adnen\u00adhaus Ha\u00dffurt<br>\nMarkt\u00adplatz 10<br>\n97437 Ha\u00dffurt<\/p>\n<p><\/p>\n<p style=\"font-size: 14px;\">Evan\u00adge\u00adli\u00adsches Gemeindehaus<br>\nHei\u00addel\u00adoff\u00adplatz 12<br>\n97437 Ha\u00dffurt<\/p>\n<p><\/p>\n<p style=\"font-size: 14px;\">Charles\u00adton Wohn- und Pflegezentrum<br>\nHaupt\u00adstra\u00ad\u00dfe&nbsp;75<br>\n97437 Ha\u00dffurt<\/p>\n<\/td>\n<\/tr>\n<tr>\n<th align=\"left\" valign=\"top\">Wann<\/th>\n<td class=\"cellgray\">\n<p style=\"font-size: 14px;\">Je\u00adden letz\u00adten Mon\u00adtag im Monat<br>\nVon 14:00 bis 17:00 Uhr<\/p>\n<p style=\"font-size: 14px;\"><strong>Ter\u00admi\u00adne&nbsp;2025:<\/strong><br>\n26. Mai 2025 im Evan\u00adge\u00adli\u00adschen Gemeindehaus<br>\n30. Juni 2025 im&nbsp;MGH<br>\n28. Juli 2025 im Evan\u00adge\u00adli\u00adschen Gemeindehaus<br>\n29. Sep\u00adtem\u00adber 2025 im&nbsp;MGH<br>\n27. Ok\u00adto\u00adber 2025 im Charles\u00adton Wohn- und Pflegezentrum<br>\n24. No\u00advem\u00adber 2025 im Evan\u00adge\u00adli\u00adschen Gemeindehaus<\/p>\n<\/td>\n<\/tr>\n<tr>\n<th align=\"left\" valign=\"top\">An\u00admel\u00addung\n<\/th><td class=\"cellgray\" align=\"left\" valign=\"top\" width=\"430\">Eine An\u00admel\u00addung ist nicht erforderlich<\/td>\n<\/tr>\n<\/tbody>\n<\/table>\n<\/div>\n<p>&nbsp;<\/p>\n<hr>\n<p><strong>Links zum Thema:<\/strong><\/p>\n<ul style=\"list-style-type: '\u2192 &nbsp;';\">\n<li> <a href=\"https:\/\/www.mehrgenerationenhaus-hassfurt.de\/mgh\/seniorenbeirat-der-stadt-hassfurt\/\">Ko\u00adope\u00adra\u00adtion mit dem Se\u00adnio\u00adren\u00adbei\u00adrat der Stadt Ha\u00dffurt<\/a><\/li>\n<\/ul>\n","protected":false},"excerpt":{"rendered":"<p>Die Spie\u00adle\u00adnach\u00admit\u00adta\u00adge sind ein of\u00adfe\u00adnes An\u00adge\u00adbot f\u00fcr Men\u00adschen je\u00adden Al\u00adters, die Freu\u00adde an Ge\u00adsell\u00adschafts\u00adspie\u00adlen und am Aus\u00adtausch in ge\u00adsel\u00adli\u00adger Run\u00adde ha\u00adben. In Ko\u00adope\u00adra\u00adtion mit dem Se\u00adnio\u00adren\u00adbei\u00adrat der Stadt Ha\u00df\u00adfurt wird so ein Raum ge\u00adschaf\u00adfen, in dem ge\u00adne\u00adra\u00adtio\u00adnen\u00ad\u00fcber\u00adgrei\u00adfen\u00adde Be\u00adgeg\u00adnung auf Au\u00adgen\u00adh\u00f6\u00adhe m\u00f6g\u00adlich wird. Ge\u00admein\u00adsa\u00admes Spie\u00adlen st\u00e4rkt das Mit\u00adein\u00adan\u00adder, f\u00f6r\u00addert den Aus\u00adtausch und bringt Men\u00adschen mit\u00adein\u00adan\u00adder&nbsp;ins&nbsp;<\/p>\n<p class=\"excerpt-link\"><a class=\"read-more\" href=\"https:\/\/www.mehrgenerationenhaus-hassfurt.de\/mgh\/angebote\/spielenachmittage-fuer-alle-generationen\/\">Read More \u2192<\/a><\/p>\n","protected":false},"author":3,"featured_media":6609,"parent":219,"menu_order":0,"comment_status":"closed","ping_status":"closed","template":"","meta":{"inline_featured_image":false,"wp_typography_post_enhancements_disabled":false,"_mc_calendar":[],"footnotes":""},"class_list":["post-55099","page","type-page","status-publish","has-post-thumbnail","hentry"],"yoast_head":"<!-- This site is optimized with the Yoast SEO plugin v27.5 - https:\/\/yoast.com\/product\/yoast-seo-wordpress\/ -->\n<title>Spielenachmittage f\u00fcr alle Generationen | Mehrgenerationenhaus Ha\u00dffurt<\/title>\n<meta name=\"description\" content=\"Spielenachmittage in Kooperation mit dem Seniorenbeirat der Stadt Ha\u00dffurt bieten einen Raum f\u00fcr generationen\u00fcbergreifende Begegnung auf A...\" \/>\n<meta name=\"robots\" content=\"index, follow, max-snippet:-1, max-image-preview:large, max-video-preview:-1\" \/>\n<link rel=\"canonical\" href=\"https:\/\/www.mehrgenerationenhaus-hassfurt.de\/mgh\/angebote\/spielenachmittage-fuer-alle-generationen\/\" \/>\n<meta property=\"og:locale\" content=\"de_DE\" \/>\n<meta property=\"og:type\" content=\"article\" \/>\n<meta property=\"og:title\" content=\"Spielenachmittage f\u00fcr alle Generationen | Mehrgenerationenhaus Ha\u00dffurt\" \/>\n<meta property=\"og:description\" content=\"Spielenachmittage in Kooperation mit dem Seniorenbeirat der Stadt Ha\u00dffurt bieten einen Raum f\u00fcr generationen\u00fcbergreifende Begegnung auf A...\" \/>\n<meta property=\"og:url\" content=\"https:\/\/www.mehrgenerationenhaus-hassfurt.de\/mgh\/angebote\/spielenachmittage-fuer-alle-generationen\/\" \/>\n<meta property=\"og:site_name\" content=\"Mehrgenerationenhaus Ha\u00dffurt\" \/>\n<meta property=\"article:publisher\" content=\"https:\/\/de-de.facebook.com\/mehrgenerationenhausHAS\/\" \/>\n<meta property=\"article:modified_time\" content=\"2025-05-05T10:58:51+00:00\" \/>\n<!-- \/ Yoast SEO plugin. -->","yoast_head_json":{"title":"Spielenachmittage f\u00fcr alle Generationen | Mehrgenerationenhaus Ha\u00dffurt","description":"Spielenachmittage in Kooperation mit dem Seniorenbeirat der Stadt Ha\u00dffurt bieten einen Raum f\u00fcr generationen\u00fcbergreifende Begegnung auf A...","robots":{"index":"index","follow":"follow","max-snippet":"max-snippet:-1","max-image-preview":"max-image-preview:large","max-video-preview":"max-video-preview:-1"},"canonical":"https:\/\/www.mehrgenerationenhaus-hassfurt.de\/mgh\/angebote\/spielenachmittage-fuer-alle-generationen\/","og_locale":"de_DE","og_type":"article","og_title":"Spielenachmittage f\u00fcr alle Generationen | Mehrgenerationenhaus Ha\u00dffurt","og_description":"Spielenachmittage in Kooperation mit dem Seniorenbeirat der Stadt Ha\u00dffurt bieten einen Raum f\u00fcr generationen\u00fcbergreifende Begegnung auf A...","og_url":"https:\/\/www.mehrgenerationenhaus-hassfurt.de\/mgh\/angebote\/spielenachmittage-fuer-alle-generationen\/","og_site_name":"Mehrgenerationenhaus Ha\u00dffurt","article_publisher":"https:\/\/de-de.facebook.com\/mehrgenerationenhausHAS\/","article_modified_time":"2025-05-05T10:58:51+00:00","schema":{"@context":"https:\/\/schema.org","@graph":[{"@type":"WebPage","@id":"https:\/\/www.mehrgenerationenhaus-hassfurt.de\/mgh\/angebote\/spielenachmittage-fuer-alle-generationen\/","url":"https:\/\/www.mehrgenerationenhaus-hassfurt.de\/mgh\/angebote\/spielenachmittage-fuer-alle-generationen\/","name":"Spielenachmittage f\u00fcr alle Generationen | Mehrgenerationenhaus Ha\u00dffurt","isPartOf":{"@id":"https:\/\/www.mehrgenerationenhaus-hassfurt.de\/mgh\/#website"},"primaryImageOfPage":{"@id":"https:\/\/www.mehrgenerationenhaus-hassfurt.de\/mgh\/angebote\/spielenachmittage-fuer-alle-generationen\/#primaryimage"},"image":{"@id":"https:\/\/www.mehrgenerationenhaus-hassfurt.de\/mgh\/angebote\/spielenachmittage-fuer-alle-generationen\/#primaryimage"},"thumbnailUrl":"","datePublished":"2025-04-23T17:31:54+00:00","dateModified":"2025-05-05T10:58:51+00:00","description":"Spielenachmittage in Kooperation mit dem Seniorenbeirat der Stadt Ha\u00dffurt bieten einen Raum f\u00fcr generationen\u00fcbergreifende Begegnung auf A...","breadcrumb":{"@id":"https:\/\/www.mehrgenerationenhaus-hassfurt.de\/mgh\/angebote\/spielenachmittage-fuer-alle-generationen\/#breadcrumb"},"inLanguage":"de","potentialAction":[{"@type":"ReadAction","target":["https:\/\/www.mehrgenerationenhaus-hassfurt.de\/mgh\/angebote\/spielenachmittage-fuer-alle-generationen\/"]}]},{"@type":"ImageObject","inLanguage":"de","@id":"https:\/\/www.mehrgenerationenhaus-hassfurt.de\/mgh\/angebote\/spielenachmittage-fuer-alle-generationen\/#primaryimage","url":"","contentUrl":""},{"@type":"BreadcrumbList","@id":"https:\/\/www.mehrgenerationenhaus-hassfurt.de\/mgh\/angebote\/spielenachmittage-fuer-alle-generationen\/#breadcrumb","itemListElement":[{"@type":"ListItem","position":1,"name":"Startseite","item":"https:\/\/www.mehrgenerationenhaus-hassfurt.de\/mgh\/"},{"@type":"ListItem","position":2,"name":"Angebote und Dienstleistungen","item":"https:\/\/www.mehrgenerationenhaus-hassfurt.de\/mgh\/angebote\/"},{"@type":"ListItem","position":3,"name":"Spielenachmittage f\u00fcr alle Generationen"}]},{"@type":"WebSite","@id":"https:\/\/www.mehrgenerationenhaus-hassfurt.de\/mgh\/#website","url":"https:\/\/www.mehrgenerationenhaus-hassfurt.de\/mgh\/","name":"Mehrgenerationenhaus Ha\u00dffurt","description":"Mehrgenerationenhaus Ha\u00dffurt","publisher":{"@id":"https:\/\/www.mehrgenerationenhaus-hassfurt.de\/mgh\/#organization"},"potentialAction":[{"@type":"SearchAction","target":{"@type":"EntryPoint","urlTemplate":"https:\/\/www.mehrgenerationenhaus-hassfurt.de\/mgh\/?s={search_term_string}"},"query-input":{"@type":"PropertyValueSpecification","valueRequired":true,"valueName":"search_term_string"}}],"inLanguage":"de"},{"@type":"Organization","@id":"https:\/\/www.mehrgenerationenhaus-hassfurt.de\/mgh\/#organization","name":"Mehrgenerationenhaus Ha\u00dffurt","url":"https:\/\/www.mehrgenerationenhaus-hassfurt.de\/mgh\/","logo":{"@type":"ImageObject","inLanguage":"de","@id":"https:\/\/www.mehrgenerationenhaus-hassfurt.de\/mgh\/#\/schema\/logo\/image\/","url":"https:\/\/www.mehrgenerationenhaus-hassfurt.de\/mgh\/wp-cnt\/uploads\/MGH_Logo_2020_hassfurt-scaled.jpg","contentUrl":"https:\/\/www.mehrgenerationenhaus-hassfurt.de\/mgh\/wp-cnt\/uploads\/MGH_Logo_2020_hassfurt-scaled.jpg","width":2560,"height":1162,"caption":"Mehrgenerationenhaus Ha\u00dffurt"},"image":{"@id":"https:\/\/www.mehrgenerationenhaus-hassfurt.de\/mgh\/#\/schema\/logo\/image\/"},"sameAs":["https:\/\/de-de.facebook.com\/mehrgenerationenhausHAS\/"]}]}},"publishpress_future_workflow_manual_trigger":{"enabledWorkflows":[]},"_links":{"self":[{"href":"https:\/\/www.mehrgenerationenhaus-hassfurt.de\/mgh\/wp-json\/wp\/v2\/pages\/55099","targetHints":{"allow":["GET"]}}],"collection":[{"href":"https:\/\/www.mehrgenerationenhaus-hassfurt.de\/mgh\/wp-json\/wp\/v2\/pages"}],"about":[{"href":"https:\/\/www.mehrgenerationenhaus-hassfurt.de\/mgh\/wp-json\/wp\/v2\/types\/page"}],"author":[{"embeddable":true,"href":"https:\/\/www.mehrgenerationenhaus-hassfurt.de\/mgh\/wp-json\/wp\/v2\/users\/3"}],"replies":[{"embeddable":true,"href":"https:\/\/www.mehrgenerationenhaus-hassfurt.de\/mgh\/wp-json\/wp\/v2\/comments?post=55099"}],"version-history":[{"count":0,"href":"https:\/\/www.mehrgenerationenhaus-hassfurt.de\/mgh\/wp-json\/wp\/v2\/pages\/55099\/revisions"}],"up":[{"embeddable":true,"href":"https:\/\/www.mehrgenerationenhaus-hassfurt.de\/mgh\/wp-json\/wp\/v2\/pages\/219"}],"wp:featuredmedia":[{"embeddable":true,"href":"https:\/\/www.mehrgenerationenhaus-hassfurt.de\/mgh\/wp-json\/"}],"wp:attachment":[{"href":"https:\/\/www.mehrgenerationenhaus-hassfurt.de\/mgh\/wp-json\/wp\/v2\/media?parent=55099"}],"curies":[{"name":"wp","href":"https:\/\/api.w.org\/{rel}","templated":true}]}}