{"id":55777,"date":"2025-10-08T10:06:58","date_gmt":"2025-10-08T08:06:58","guid":{"rendered":"https:\/\/www.mehrgenerationenhaus-hassfurt.de\/mgh\/?page_id=55777"},"modified":"2025-12-02T19:44:39","modified_gmt":"2025-12-02T18:44:39","slug":"vintage-stuebchen","status":"publish","type":"page","link":"https:\/\/www.mehrgenerationenhaus-hassfurt.de\/mgh\/angebote\/vintage-stuebchen\/","title":{"rendered":"Vintage-St\u00fcbchen"},"content":{"rendered":"<p><img loading=\"lazy\" decoding=\"async\" src=\"https:\/\/www.mehrgenerationenhaus-hassfurt.de\/mgh\/wp-cnt\/uploads\/Vintage-Stuebchen_c580.jpg\" alt=\"Vintage-St\u00fcbchen (Fotos: MGH Ha\u00dffurt)\" width=\"580\" height=\"205\" class=\"aligncenter size-full wp-image-55783\" srcset=\"https:\/\/www.mehrgenerationenhaus-hassfurt.de\/mgh\/wp-cnt\/uploads\/Vintage-Stuebchen_c580.jpg 580w, https:\/\/www.mehrgenerationenhaus-hassfurt.de\/mgh\/wp-cnt\/uploads\/Vintage-Stuebchen_c580-300x106.jpg 300w\" sizes=\"auto, (max-width: 580px) 100vw, 580px\"><\/p>\n<h2 style=\"margin-top: 10px; font-size: 26px; font-weight: normal; line-height: 34px;\">Willkommen im Vintage-St\u00fcbchen \u2013<br>dem Herz des Dachgeschosses im Mehrgenerationenhaus<\/h2>\n<p><strong>Hier geht es nicht nur um Klei\u00addung, son\u00addern um ge\u00admein\u00adsa\u00admes Mit\u00adein\u00adan\u00adder, Wert\u00adsch\u00e4t\u00adzung und Atmosph\u00e4re.<\/strong><\/p>\n<p>Char\u00adman\u00adte Se\u00adcond-Hand-Ein\u00adzel\u00adst\u00fc\u00adcke und Ac\u00adces\u00adsoires aus ver\u00adgan\u00adge\u00adnen Jahr\u00adzehn\u00adten la\u00adden je\u00adden Mon\u00adtag von 14:00 bis 18:00 Uhr zum St\u00f6\u00adbern ein. In\u00adter\u00ades\u00adsier\u00adte sind herz\u00adlich ein\u00adge\u00adla\u00adden, vor\u00adbei\u00adzu\u00adkom\u00admen, zu shop\u00adpen und sich von der Aus\u00adwahl in\u00adspi\u00adrie\u00adren zu lassen.&nbsp;<\/p>\n<p>Das Vin\u00adta\u00adge-St\u00fcb\u00adchen ver\u00adbin\u00addet so\u00adzia\u00adle Be\u00adgeg\u00adnung, Nach\u00adhal\u00adtig\u00adkeit und Mo\u00adde\u00adbe\u00adwusst\u00adsein mit\u00adein\u00adan\u00adder. Es bie\u00adtet Platz zum Aus\u00adtau\u00adschen, Ler\u00adnen und Mit\u00adma\u00adchen \u2013 eine le\u00adben\u00addi\u00adge Com\u00admu\u00adni\u00adty, in der sich alle ein\u00adbrin\u00adgen k\u00f6n\u00adnen, um un\u00adser Vin\u00adta\u00adge-St\u00fcb\u00adchen ge\u00admein\u00adsam zu gestalten.&nbsp;<\/p>\n<p>Sie wol\u00adlen Teil die\u00adser bun\u00adten Ge\u00admein\u00adschaft wer\u00adden? Wir ha\u00adben viel\u00adf\u00e4l\u00adti\u00adge M\u00f6g\u00adlich\u00adkei\u00adten, ak\u00adtiv mit\u00adzu\u00adwir\u00adken: als frei\u00adwil\u00adlig En\u00adga\u00adgier\u00adter f\u00fcr La\u00adden\u00adauf\u00adga\u00adben oder bei der Or\u00adga\u00adni\u00adsa\u00adti\u00adon von Work\u00adshops und Pop-up-Ak\u00adtio\u00adnen \u2013 Sie ent\u00adschei\u00adden, wo Sie am liebs\u00adten mit an\u00adpa\u00adcken. Mel\u00adden Sie sich bei uns, er\u00adfah\u00adren Sie mehr \u00fcber un\u00adser Pro\u00adjekt und fin\u00adden Sie Ihr per\u00ads\u00f6n\u00adli\u00adches Engagement.<\/p>\n<p>Ger\u00adne k\u00f6n\u00adnen Sie auch gut er\u00adhal\u00adte\u00adne Klei\u00addungs\u00adst\u00fc\u00adcke f\u00fcr das Vin\u00adta\u00adge-St\u00fcb\u00adchen im Mehr\u00adge\u00adne\u00adra\u00adtio\u00adnen\u00adhaus abgeben.&nbsp;<\/p>\n<p>Wer\u00adden Sie Teil un\u00adse\u00adrer Com\u00admu\u00adni\u00adty \u2013 je\u00adder Bei\u00adtrag z\u00e4hlt.<\/p>\n<div>\n<table>\n<tbody>\n<tr>\n<th align=\"left\" valign=\"top\">Wo<\/th>\n<td class=\"cellgray\">Dach\u00adge\u00adschoss im<br>\nMehr\u00adge\u00adne\u00adra\u00adtio\u00adnen\u00adhaus Ha\u00dffurt<br>\nBRK Kreis\u00adver\u00adband Ha\u00dfberge<br>\nMarkt\u00adplatz 10<br>\n97437 Ha\u00dffurt<\/td>\n<\/tr>\n<tr>\n<th align=\"left\" valign=\"top\">Wann<\/th>\n<td class=\"cellgray\">Mon\u00adtags von 14:00 \u2013 18:00 Uhr<\/td>\n<\/tr>\n<tr>\n<th align=\"left\" valign=\"top\">An\u00admel\u00addung\n<\/th><td class=\"cellgray\" align=\"left\" valign=\"top\" width=\"430\">An\u00admel\u00addung nicht notwendig<\/td>\n<\/tr>\n<tr>\n<th align=\"left\" valign=\"top\">Kos\u00adten\n<\/th><td class=\"cellgray\" align=\"left\" valign=\"top\" width=\"430\">Kei\u00adne<\/td>\n<\/tr>\n<\/tbody>\n<\/table>\n<\/div>\n<hr>\n<p>&nbsp;<br>\n<strong>Links zum Thema:<\/strong><\/p>\n<ul style=\"list-style-type: '\u2192 &nbsp;';\">\n<li>Pres\u00adse\u00adbe\u00adricht: <a href=\"https:\/\/www.mehrgenerationenhaus-hassfurt.de\/mgh\/erfolgreiche-eroeffnung-des-vintage-stuebchens-in-hassfurt\/\">Er\u00adfolg\u00adrei\u00adche Er\u00ad\u00f6ff\u00adnung des <span class=\"push-double\"><\/span>\u200b<span class=\"pull-double\">\u201e<\/span>Vin\u00adta\u00adge-St\u00fcb\u00adchens\u201c in Ha\u00dffurt<\/a><\/li>\n<\/ul>\n","protected":false},"excerpt":{"rendered":"<p>Will\u00adkom\u00admen im Vin\u00adta\u00adge-St\u00fcb\u00adchen \u2013dem Herz des Dach\u00adge\u00adschos\u00adses im Mehr\u00adge\u00adne\u00adra\u00adtio\u00adnen\u00adhaus Hier geht es nicht nur um Klei\u00addung, son\u00addern um ge\u00admein\u00adsa\u00admes Mit\u00adein\u00adan\u00adder, Wert\u00adsch\u00e4t\u00adzung und At\u00admo\u00adsph\u00e4\u00adre. Char\u00adman\u00adte Se\u00ad\u00adcond-Hand-Ein\u00ad\u00adzel\u00ad\u00adst\u00fc\u00ad\u00adcke und Ac\u00adces\u00adsoires aus ver\u00adgan\u00adge\u00adnen Jahr\u00adzehn\u00adten la\u00adden je\u00adden Mon\u00adtag von 14:00 bis 18:00 Uhr zum St\u00f6\u00adbern ein. In\u00adter\u00ades\u00adsier\u00adte sind herz\u00adlich ein\u00adge\u00adla\u00adden, vor\u00adbei\u00adzu\u00adkom\u00admen, zu shop\u00adpen und sich von der Aus\u00adwahl in\u00adspi\u00adrie\u00adren&nbsp;zu&nbsp;<\/p>\n<p class=\"excerpt-link\"><a class=\"read-more\" href=\"https:\/\/www.mehrgenerationenhaus-hassfurt.de\/mgh\/angebote\/vintage-stuebchen\/\">Read More \u2192<\/a><\/p>\n","protected":false},"author":5,"featured_media":0,"parent":219,"menu_order":0,"comment_status":"closed","ping_status":"closed","template":"","meta":{"inline_featured_image":false,"wp_typography_post_enhancements_disabled":false,"_mc_calendar":[],"footnotes":""},"class_list":["post-55777","page","type-page","status-publish","hentry"],"yoast_head":"<!-- This site is optimized with the Yoast SEO plugin v27.3 - https:\/\/yoast.com\/product\/yoast-seo-wordpress\/ -->\n<title>Vintage-St\u00fcbchen | Mehrgenerationenhaus Ha\u00dffurt<\/title>\n<meta name=\"description\" content=\"Vintage-St\u00fcbchen mit Charmante Second-Hand-Einzelst\u00fccken und Accessoires aus vergangenen Jahrzehnten\" \/>\n<meta name=\"robots\" content=\"index, follow, max-snippet:-1, max-image-preview:large, max-video-preview:-1\" \/>\n<link rel=\"canonical\" href=\"https:\/\/www.mehrgenerationenhaus-hassfurt.de\/mgh\/angebote\/vintage-stuebchen\/\" \/>\n<meta property=\"og:locale\" content=\"de_DE\" \/>\n<meta property=\"og:type\" content=\"article\" \/>\n<meta property=\"og:title\" content=\"Vintage-St\u00fcbchen | Mehrgenerationenhaus Ha\u00dffurt\" \/>\n<meta property=\"og:description\" content=\"Vintage-St\u00fcbchen mit Charmante Second-Hand-Einzelst\u00fccken und Accessoires aus vergangenen Jahrzehnten\" \/>\n<meta property=\"og:url\" content=\"https:\/\/www.mehrgenerationenhaus-hassfurt.de\/mgh\/angebote\/vintage-stuebchen\/\" \/>\n<meta property=\"og:site_name\" content=\"Mehrgenerationenhaus Ha\u00dffurt\" \/>\n<meta property=\"article:publisher\" content=\"https:\/\/de-de.facebook.com\/mehrgenerationenhausHAS\/\" \/>\n<meta property=\"article:modified_time\" content=\"2025-12-02T18:44:39+00:00\" \/>\n<meta property=\"og:image\" content=\"https:\/\/www.mehrgenerationenhaus-hassfurt.de\/mgh\/wp-cnt\/uploads\/Vintage-Stuebchen_c580.jpg\" \/>\n\t<meta property=\"og:image:width\" content=\"580\" \/>\n\t<meta property=\"og:image:height\" content=\"205\" \/>\n\t<meta property=\"og:image:type\" content=\"image\/jpeg\" \/>\n<!-- \/ Yoast SEO plugin. -->","yoast_head_json":{"title":"Vintage-St\u00fcbchen | Mehrgenerationenhaus Ha\u00dffurt","description":"Vintage-St\u00fcbchen mit Charmante Second-Hand-Einzelst\u00fccken und Accessoires aus vergangenen Jahrzehnten","robots":{"index":"index","follow":"follow","max-snippet":"max-snippet:-1","max-image-preview":"max-image-preview:large","max-video-preview":"max-video-preview:-1"},"canonical":"https:\/\/www.mehrgenerationenhaus-hassfurt.de\/mgh\/angebote\/vintage-stuebchen\/","og_locale":"de_DE","og_type":"article","og_title":"Vintage-St\u00fcbchen | Mehrgenerationenhaus Ha\u00dffurt","og_description":"Vintage-St\u00fcbchen mit Charmante Second-Hand-Einzelst\u00fccken und Accessoires aus vergangenen Jahrzehnten","og_url":"https:\/\/www.mehrgenerationenhaus-hassfurt.de\/mgh\/angebote\/vintage-stuebchen\/","og_site_name":"Mehrgenerationenhaus Ha\u00dffurt","article_publisher":"https:\/\/de-de.facebook.com\/mehrgenerationenhausHAS\/","article_modified_time":"2025-12-02T18:44:39+00:00","og_image":[{"width":580,"height":205,"url":"https:\/\/www.mehrgenerationenhaus-hassfurt.de\/mgh\/wp-cnt\/uploads\/Vintage-Stuebchen_c580.jpg","type":"image\/jpeg"}],"schema":{"@context":"https:\/\/schema.org","@graph":[{"@type":"WebPage","@id":"https:\/\/www.mehrgenerationenhaus-hassfurt.de\/mgh\/angebote\/vintage-stuebchen\/","url":"https:\/\/www.mehrgenerationenhaus-hassfurt.de\/mgh\/angebote\/vintage-stuebchen\/","name":"Vintage-St\u00fcbchen | Mehrgenerationenhaus Ha\u00dffurt","isPartOf":{"@id":"https:\/\/www.mehrgenerationenhaus-hassfurt.de\/mgh\/#website"},"primaryImageOfPage":{"@id":"https:\/\/www.mehrgenerationenhaus-hassfurt.de\/mgh\/angebote\/vintage-stuebchen\/#primaryimage"},"image":{"@id":"https:\/\/www.mehrgenerationenhaus-hassfurt.de\/mgh\/angebote\/vintage-stuebchen\/#primaryimage"},"thumbnailUrl":"https:\/\/www.mehrgenerationenhaus-hassfurt.de\/mgh\/wp-cnt\/uploads\/Vintage-Stuebchen_c580.jpg","datePublished":"2025-10-08T08:06:58+00:00","dateModified":"2025-12-02T18:44:39+00:00","description":"Vintage-St\u00fcbchen mit Charmante Second-Hand-Einzelst\u00fccken und Accessoires aus vergangenen Jahrzehnten","breadcrumb":{"@id":"https:\/\/www.mehrgenerationenhaus-hassfurt.de\/mgh\/angebote\/vintage-stuebchen\/#breadcrumb"},"inLanguage":"de","potentialAction":[{"@type":"ReadAction","target":["https:\/\/www.mehrgenerationenhaus-hassfurt.de\/mgh\/angebote\/vintage-stuebchen\/"]}]},{"@type":"ImageObject","inLanguage":"de","@id":"https:\/\/www.mehrgenerationenhaus-hassfurt.de\/mgh\/angebote\/vintage-stuebchen\/#primaryimage","url":"https:\/\/www.mehrgenerationenhaus-hassfurt.de\/mgh\/wp-cnt\/uploads\/Vintage-Stuebchen_c580.jpg","contentUrl":"https:\/\/www.mehrgenerationenhaus-hassfurt.de\/mgh\/wp-cnt\/uploads\/Vintage-Stuebchen_c580.jpg","width":580,"height":205,"caption":"Vintage-St\u00fcbchen (Fotos: MGH Ha\u00dffurt)"},{"@type":"BreadcrumbList","@id":"https:\/\/www.mehrgenerationenhaus-hassfurt.de\/mgh\/angebote\/vintage-stuebchen\/#breadcrumb","itemListElement":[{"@type":"ListItem","position":1,"name":"Startseite","item":"https:\/\/www.mehrgenerationenhaus-hassfurt.de\/mgh\/"},{"@type":"ListItem","position":2,"name":"Angebote und Dienstleistungen","item":"https:\/\/www.mehrgenerationenhaus-hassfurt.de\/mgh\/angebote\/"},{"@type":"ListItem","position":3,"name":"Vintage-St\u00fcbchen"}]},{"@type":"WebSite","@id":"https:\/\/www.mehrgenerationenhaus-hassfurt.de\/mgh\/#website","url":"https:\/\/www.mehrgenerationenhaus-hassfurt.de\/mgh\/","name":"Mehrgenerationenhaus Ha\u00dffurt","description":"Mehrgenerationenhaus Ha\u00dffurt","publisher":{"@id":"https:\/\/www.mehrgenerationenhaus-hassfurt.de\/mgh\/#organization"},"potentialAction":[{"@type":"SearchAction","target":{"@type":"EntryPoint","urlTemplate":"https:\/\/www.mehrgenerationenhaus-hassfurt.de\/mgh\/?s={search_term_string}"},"query-input":{"@type":"PropertyValueSpecification","valueRequired":true,"valueName":"search_term_string"}}],"inLanguage":"de"},{"@type":"Organization","@id":"https:\/\/www.mehrgenerationenhaus-hassfurt.de\/mgh\/#organization","name":"Mehrgenerationenhaus Ha\u00dffurt","url":"https:\/\/www.mehrgenerationenhaus-hassfurt.de\/mgh\/","logo":{"@type":"ImageObject","inLanguage":"de","@id":"https:\/\/www.mehrgenerationenhaus-hassfurt.de\/mgh\/#\/schema\/logo\/image\/","url":"https:\/\/www.mehrgenerationenhaus-hassfurt.de\/mgh\/wp-cnt\/uploads\/MGH_Logo_2020_hassfurt-scaled.jpg","contentUrl":"https:\/\/www.mehrgenerationenhaus-hassfurt.de\/mgh\/wp-cnt\/uploads\/MGH_Logo_2020_hassfurt-scaled.jpg","width":2560,"height":1162,"caption":"Mehrgenerationenhaus Ha\u00dffurt"},"image":{"@id":"https:\/\/www.mehrgenerationenhaus-hassfurt.de\/mgh\/#\/schema\/logo\/image\/"},"sameAs":["https:\/\/de-de.facebook.com\/mehrgenerationenhausHAS\/"]}]}},"publishpress_future_workflow_manual_trigger":{"enabledWorkflows":[]},"_links":{"self":[{"href":"https:\/\/www.mehrgenerationenhaus-hassfurt.de\/mgh\/wp-json\/wp\/v2\/pages\/55777","targetHints":{"allow":["GET"]}}],"collection":[{"href":"https:\/\/www.mehrgenerationenhaus-hassfurt.de\/mgh\/wp-json\/wp\/v2\/pages"}],"about":[{"href":"https:\/\/www.mehrgenerationenhaus-hassfurt.de\/mgh\/wp-json\/wp\/v2\/types\/page"}],"author":[{"embeddable":true,"href":"https:\/\/www.mehrgenerationenhaus-hassfurt.de\/mgh\/wp-json\/wp\/v2\/users\/5"}],"replies":[{"embeddable":true,"href":"https:\/\/www.mehrgenerationenhaus-hassfurt.de\/mgh\/wp-json\/wp\/v2\/comments?post=55777"}],"version-history":[{"count":0,"href":"https:\/\/www.mehrgenerationenhaus-hassfurt.de\/mgh\/wp-json\/wp\/v2\/pages\/55777\/revisions"}],"up":[{"embeddable":true,"href":"https:\/\/www.mehrgenerationenhaus-hassfurt.de\/mgh\/wp-json\/wp\/v2\/pages\/219"}],"wp:attachment":[{"href":"https:\/\/www.mehrgenerationenhaus-hassfurt.de\/mgh\/wp-json\/wp\/v2\/media?parent=55777"}],"curies":[{"name":"wp","href":"https:\/\/api.w.org\/{rel}","templated":true}]}}