{"id":7321,"date":"2014-07-16T11:34:33","date_gmt":"2014-07-16T09:34:33","guid":{"rendered":"https:\/\/www.mehrgenerationenhaus-hassfurt.de\/wp\/?page_id=7321"},"modified":"2020-03-03T06:51:59","modified_gmt":"2020-03-03T05:51:59","slug":"brk-mittagsbetreuung","status":"publish","type":"page","link":"https:\/\/www.mehrgenerationenhaus-hassfurt.de\/mgh\/unser-mgh\/leuchtturmstandort-stark-fuer-erfolg\/brk-mittagsbetreuung\/","title":{"rendered":"BRK-Mittagsbetreuung"},"content":{"rendered":"<h2><span class=\"dquo\">\u201e<\/span>Wir gehen neue&nbsp;Wege\u201c<\/h2>\n<p><strong>Frei\u00adzeit\u00adp\u00e4d\u00adago\u00adgi\u00adsche Angebote<\/strong><\/p>\n<ul>\n<li>F\u00f6r\u00adde\u00adrung so\u00adzia\u00adler Kompetenzen<\/li>\n<li>Trai\u00adning le\u00adbens\u00adprak\u00adti\u00adscher Fertigkeiten<\/li>\n<li>Auf\u00adbau ei\u00adnes sinn\u00advol\u00adlen Freizeitverhaltens<\/li>\n<li>Ak\u00adtio\u00adnen und Projekte<\/li>\n<li>Fes\u00adte und Feiern<\/li>\n<li>Aus\u00adfl\u00fc\u00adge<\/li>\n<\/ul>\n<p>&nbsp;<\/p>\n<p><strong>Qua\u00adli\u00adfi\u00adzier\u00adte Hausaufgabenbetreuung<\/strong><\/p>\n<ul>\n<li>Kon\u00adti\u00adnu\u00adier\u00adli\u00adche Be\u00adtreu\u00adung durch eine p\u00e4d\u00adago\u00adgi\u00adsche Fachkraft<\/li>\n<li>Fes\u00adte Haus\u00adauf\u00adga\u00adben\u00adzim\u00admer \/ Sitzpl\u00e4tze<\/li>\n<li>Ru\u00adhi\u00adge Arbeitsatmosph\u00e4re<\/li>\n<li>Selbst\u00adst\u00e4n\u00addig\u00adkeit und Eigenverantwortung<\/li>\n<li>Er\u00adgeb\u00adnis\u00adkon\u00adtrol\u00adle<\/li>\n<li>Un\u00adter\u00adst\u00fct\u00adzung bei Lern- und Leistungsst\u00f6rungen<\/li>\n<li>Re\u00adgel\u00adm\u00e4\u00ad\u00dfi\u00adge Elterngespr\u00e4che<\/li>\n<li>In\u00adten\u00adsi\u00adve Ver\u00adnet\u00adzung mit den Lehrerkr\u00e4ften<\/li>\n<\/ul>\n<p>Wir hel\u00adfen den Sch\u00fc\u00adle\u00adrin\u00adnen und Sch\u00fc\u00adlern, ei\u00adnen po\u00adsi\u00adti\u00adven Ein\u00adstieg in die Schul\u00adlauf\u00adbahn zu fin\u00adden und schaf\u00adfen eine At\u00admo\u00adsph\u00e4\u00adre, in der sich die Kin\u00adder wohl f\u00fchlen.<\/p>\n<p><strong>Sprach\u00adf\u00f6r\u00adder\u00adpro\u00adjekt f\u00fcr Kin\u00adder mit Migrationshintergrund<\/strong><\/p>\n<p>In Ko\u00adope\u00adra\u00adtion mit dem Ro\u00adta\u00adry Club Ha\u00df\u00adfurt, der Grund\u00adschu\u00adle und dem Migrationssozialdienst<\/p>\n<ul>\n<li>Ver\u00admitt\u00adlung sprach\u00adli\u00adcher Kom\u00adpe\u00adten\u00adzen an und kul\u00adtu\u00adrel\u00adle In\u00adte\u00adgra\u00adti\u00adon von Grundsch\u00fcler(inne)n der 1. bis 4. Jahr\u00adgangs\u00adstu\u00adfe mit Migrationshintergrund<\/li>\n<li>Zer\u00adti\u00adfi\u00adzie\u00adrung von Sch\u00fcler(inne)n der Mit\u00adtel- und Re\u00adal\u00adschu\u00adle, so\u00adwie des Gym\u00adna\u00adsi\u00adums, die im Rah\u00admen ei\u00adnes Prak\u00adti\u00adkums als Sprachbegleiter(inne)n f\u00fcr die Grundsch\u00fcler(inne)n fungieren<\/li>\n<\/ul>\n<p>&nbsp;<\/p>\n<h2>Das Betreuungsteam<\/h2>\n<p>Die Be\u00adtreu\u00adung der Kin\u00adder er\u00adfolgt durch p\u00e4d\u00adago\u00adgi\u00adsche Fachkr\u00e4fte<\/p>\n<ul>\n<li>Di\u00adplom Sozialp\u00e4dagog(inn)en<\/li>\n<li>Erzieher(innen)<\/li>\n<li>Kinderpfleger(innen)<\/li>\n<li>Vorpraktikant(inn)en zur Erzieherausbildung<\/li>\n<li>Bun\u00addes\u00adfrei\u00adwil\u00adli\u00adgen\u00addienst<\/li>\n<\/ul>\n<h6><span style=\"color: #cc0000;\">(Diese Seite ist ein Auszug aus <a title=\"BRK Mittags- und Ganztagsbetreuung an der Grundschule Ha\u00dffurt\" href=\"https:\/\/www.kvhassberge.brk.de\/angebote\/soziale-arbeit-familien-kinder-und-jugendhilfe\/brk-mittagsbetreuung-hassfurt.html\" target=\"_blank\" rel=\"noopener\"><span style=\"color: #cc0000;\"><span class=\"push-double\"><\/span>\u200b<span class=\"pull-double\">\u201e<\/span>BRK Mittags- und Ganztagsbetreuung an der Grundschule Ha\u00dffurt\u201c<\/span><\/a> auf der Website unseres Tr\u00e4gers)<\/span><\/h6>\n","protected":false},"excerpt":{"rendered":"<p><span class=\"dquo\">\u201e<\/span>Wir ge\u00adhen neue&nbsp;Wege\u201c Frei\u00adzeit\u00adp\u00e4d\u00adago\u00adgi\u00adsche An\u00adge\u00adbo\u00adte F\u00f6r\u00adde\u00adrung so\u00adzia\u00adler Kom\u00adpe\u00adten\u00adzen Trai\u00adning le\u00adbens\u00adprak\u00adti\u00adscher Fer\u00adtig\u00adkei\u00adten Auf\u00adbau ei\u00adnes sinn\u00advol\u00adlen Frei\u00adzeit\u00adver\u00adhal\u00adtens Ak\u00adtio\u00adnen und Pro\u00adjek\u00adte Fes\u00adte und Fei\u00adern Aus\u00adfl\u00fc\u00adge &nbsp; Qua\u00adli\u00adfi\u00adzier\u00adte Haus\u00adauf\u00adga\u00adben\u00adbe\u00adtreu\u00adung Kon\u00adti\u00adnu\u00adier\u00adli\u00adche Be\u00adtreu\u00adung durch eine p\u00e4d\u00adago\u00adgi\u00adsche Fach\u00adkraft Fes\u00adte Haus\u00adauf\u00adga\u00adben\u00adzim\u00admer \/ Sitz\u00adpl\u00e4t\u00adze Ru\u00adhi\u00adge Ar\u00adbeits\u00adat\u00admo\u00adsph\u00e4\u00adre Selbst\u00adst\u00e4n\u00addig\u00adkeit und Ei\u00adgen\u00adver\u00adant\u00adwor\u00adtung Er\u00adgeb\u00adnis\u00adkon\u00adtrol\u00adle Un\u00adter\u00adst\u00fct\u00adzung bei Lern- und Leis\u00adtungs\u00adst\u00f6\u00adrun\u00adgen Re\u00adgel\u00adm\u00e4\u00ad\u00dfi\u00adge El\u00adtern\u00adge\u00adspr\u00e4\u00adche In\u00adten\u00adsi\u00adve Ver\u00adnet\u00adzung mit den Leh\u00adrer\u00adkr\u00e4f\u00adten Wir helfen&nbsp;<\/p>\n<p class=\"excerpt-link\"><a class=\"read-more\" href=\"https:\/\/www.mehrgenerationenhaus-hassfurt.de\/mgh\/unser-mgh\/leuchtturmstandort-stark-fuer-erfolg\/brk-mittagsbetreuung\/\">Read More \u2192<\/a><\/p>\n","protected":false},"author":3,"featured_media":0,"parent":1718,"menu_order":5,"comment_status":"closed","ping_status":"closed","template":"","meta":{"inline_featured_image":false,"wp_typography_post_enhancements_disabled":false,"_mc_calendar":[],"footnotes":""},"class_list":["post-7321","page","type-page","status-publish","hentry"],"yoast_head":"<!-- This site is optimized with the Yoast SEO plugin v27.3 - https:\/\/yoast.com\/product\/yoast-seo-wordpress\/ -->\n<title>BRK-Mittagsbetreuung | Mehrgenerationenhaus Ha\u00dffurt<\/title>\n<meta name=\"description\" content=\"Die BRK-Mittags- und Ganztagsbetreuung Ha\u00dffurt mit den beiden Standorten Nassachtal und D\u00fcrerweg ist Kooperationspartner der MGH-Ferienprogramme\" \/>\n<meta name=\"robots\" content=\"index, follow, max-snippet:-1, max-image-preview:large, max-video-preview:-1\" \/>\n<link rel=\"canonical\" href=\"https:\/\/www.mehrgenerationenhaus-hassfurt.de\/mgh\/unser-mgh\/leuchtturmstandort-stark-fuer-erfolg\/brk-mittagsbetreuung\/\" \/>\n<meta property=\"og:locale\" content=\"de_DE\" \/>\n<meta property=\"og:type\" content=\"article\" \/>\n<meta property=\"og:title\" content=\"BRK-Mittagsbetreuung | Mehrgenerationenhaus Ha\u00dffurt\" \/>\n<meta property=\"og:description\" content=\"Die BRK-Mittags- und Ganztagsbetreuung Ha\u00dffurt mit den beiden Standorten Nassachtal und D\u00fcrerweg ist Kooperationspartner der MGH-Ferienprogramme\" \/>\n<meta property=\"og:url\" content=\"https:\/\/www.mehrgenerationenhaus-hassfurt.de\/mgh\/unser-mgh\/leuchtturmstandort-stark-fuer-erfolg\/brk-mittagsbetreuung\/\" \/>\n<meta property=\"og:site_name\" content=\"Mehrgenerationenhaus Ha\u00dffurt\" \/>\n<meta property=\"article:publisher\" content=\"https:\/\/de-de.facebook.com\/mehrgenerationenhausHAS\/\" \/>\n<meta property=\"article:modified_time\" content=\"2020-03-03T05:51:59+00:00\" \/>\n<!-- \/ Yoast SEO plugin. -->","yoast_head_json":{"title":"BRK-Mittagsbetreuung | Mehrgenerationenhaus Ha\u00dffurt","description":"Die BRK-Mittags- und Ganztagsbetreuung Ha\u00dffurt mit den beiden Standorten Nassachtal und D\u00fcrerweg ist Kooperationspartner der MGH-Ferienprogramme","robots":{"index":"index","follow":"follow","max-snippet":"max-snippet:-1","max-image-preview":"max-image-preview:large","max-video-preview":"max-video-preview:-1"},"canonical":"https:\/\/www.mehrgenerationenhaus-hassfurt.de\/mgh\/unser-mgh\/leuchtturmstandort-stark-fuer-erfolg\/brk-mittagsbetreuung\/","og_locale":"de_DE","og_type":"article","og_title":"BRK-Mittagsbetreuung | Mehrgenerationenhaus Ha\u00dffurt","og_description":"Die BRK-Mittags- und Ganztagsbetreuung Ha\u00dffurt mit den beiden Standorten Nassachtal und D\u00fcrerweg ist Kooperationspartner der MGH-Ferienprogramme","og_url":"https:\/\/www.mehrgenerationenhaus-hassfurt.de\/mgh\/unser-mgh\/leuchtturmstandort-stark-fuer-erfolg\/brk-mittagsbetreuung\/","og_site_name":"Mehrgenerationenhaus Ha\u00dffurt","article_publisher":"https:\/\/de-de.facebook.com\/mehrgenerationenhausHAS\/","article_modified_time":"2020-03-03T05:51:59+00:00","schema":{"@context":"https:\/\/schema.org","@graph":[{"@type":"WebPage","@id":"https:\/\/www.mehrgenerationenhaus-hassfurt.de\/mgh\/unser-mgh\/leuchtturmstandort-stark-fuer-erfolg\/brk-mittagsbetreuung\/","url":"https:\/\/www.mehrgenerationenhaus-hassfurt.de\/mgh\/unser-mgh\/leuchtturmstandort-stark-fuer-erfolg\/brk-mittagsbetreuung\/","name":"BRK-Mittagsbetreuung | Mehrgenerationenhaus Ha\u00dffurt","isPartOf":{"@id":"https:\/\/www.mehrgenerationenhaus-hassfurt.de\/mgh\/#website"},"datePublished":"2014-07-16T09:34:33+00:00","dateModified":"2020-03-03T05:51:59+00:00","description":"Die BRK-Mittags- und Ganztagsbetreuung Ha\u00dffurt mit den beiden Standorten Nassachtal und D\u00fcrerweg ist Kooperationspartner der MGH-Ferienprogramme","breadcrumb":{"@id":"https:\/\/www.mehrgenerationenhaus-hassfurt.de\/mgh\/unser-mgh\/leuchtturmstandort-stark-fuer-erfolg\/brk-mittagsbetreuung\/#breadcrumb"},"inLanguage":"de","potentialAction":[{"@type":"ReadAction","target":["https:\/\/www.mehrgenerationenhaus-hassfurt.de\/mgh\/unser-mgh\/leuchtturmstandort-stark-fuer-erfolg\/brk-mittagsbetreuung\/"]}]},{"@type":"BreadcrumbList","@id":"https:\/\/www.mehrgenerationenhaus-hassfurt.de\/mgh\/unser-mgh\/leuchtturmstandort-stark-fuer-erfolg\/brk-mittagsbetreuung\/#breadcrumb","itemListElement":[{"@type":"ListItem","position":1,"name":"Startseite","item":"https:\/\/www.mehrgenerationenhaus-hassfurt.de\/mgh\/"},{"@type":"ListItem","position":2,"name":"Unser MGH: Mehrgenerationenhaus Ha\u00dffurt","item":"https:\/\/www.mehrgenerationenhaus-hassfurt.de\/mgh\/unser-mgh\/"},{"@type":"ListItem","position":3,"name":"Leuchtturmstandort: \u200b\u201estark f\u00fcr Erfolg\u201c","item":"https:\/\/www.mehrgenerationenhaus-hassfurt.de\/mgh\/unser-mgh\/leuchtturmstandort-stark-fuer-erfolg\/"},{"@type":"ListItem","position":4,"name":"BRK-Mittagsbetreuung"}]},{"@type":"WebSite","@id":"https:\/\/www.mehrgenerationenhaus-hassfurt.de\/mgh\/#website","url":"https:\/\/www.mehrgenerationenhaus-hassfurt.de\/mgh\/","name":"Mehrgenerationenhaus Ha\u00dffurt","description":"Mehrgenerationenhaus Ha\u00dffurt","publisher":{"@id":"https:\/\/www.mehrgenerationenhaus-hassfurt.de\/mgh\/#organization"},"potentialAction":[{"@type":"SearchAction","target":{"@type":"EntryPoint","urlTemplate":"https:\/\/www.mehrgenerationenhaus-hassfurt.de\/mgh\/?s={search_term_string}"},"query-input":{"@type":"PropertyValueSpecification","valueRequired":true,"valueName":"search_term_string"}}],"inLanguage":"de"},{"@type":"Organization","@id":"https:\/\/www.mehrgenerationenhaus-hassfurt.de\/mgh\/#organization","name":"Mehrgenerationenhaus Ha\u00dffurt","url":"https:\/\/www.mehrgenerationenhaus-hassfurt.de\/mgh\/","logo":{"@type":"ImageObject","inLanguage":"de","@id":"https:\/\/www.mehrgenerationenhaus-hassfurt.de\/mgh\/#\/schema\/logo\/image\/","url":"https:\/\/www.mehrgenerationenhaus-hassfurt.de\/mgh\/wp-cnt\/uploads\/MGH_Logo_2020_hassfurt-scaled.jpg","contentUrl":"https:\/\/www.mehrgenerationenhaus-hassfurt.de\/mgh\/wp-cnt\/uploads\/MGH_Logo_2020_hassfurt-scaled.jpg","width":2560,"height":1162,"caption":"Mehrgenerationenhaus Ha\u00dffurt"},"image":{"@id":"https:\/\/www.mehrgenerationenhaus-hassfurt.de\/mgh\/#\/schema\/logo\/image\/"},"sameAs":["https:\/\/de-de.facebook.com\/mehrgenerationenhausHAS\/"]}]}},"publishpress_future_workflow_manual_trigger":{"enabledWorkflows":[]},"_links":{"self":[{"href":"https:\/\/www.mehrgenerationenhaus-hassfurt.de\/mgh\/wp-json\/wp\/v2\/pages\/7321","targetHints":{"allow":["GET"]}}],"collection":[{"href":"https:\/\/www.mehrgenerationenhaus-hassfurt.de\/mgh\/wp-json\/wp\/v2\/pages"}],"about":[{"href":"https:\/\/www.mehrgenerationenhaus-hassfurt.de\/mgh\/wp-json\/wp\/v2\/types\/page"}],"author":[{"embeddable":true,"href":"https:\/\/www.mehrgenerationenhaus-hassfurt.de\/mgh\/wp-json\/wp\/v2\/users\/3"}],"replies":[{"embeddable":true,"href":"https:\/\/www.mehrgenerationenhaus-hassfurt.de\/mgh\/wp-json\/wp\/v2\/comments?post=7321"}],"version-history":[{"count":0,"href":"https:\/\/www.mehrgenerationenhaus-hassfurt.de\/mgh\/wp-json\/wp\/v2\/pages\/7321\/revisions"}],"up":[{"embeddable":true,"href":"https:\/\/www.mehrgenerationenhaus-hassfurt.de\/mgh\/wp-json\/wp\/v2\/pages\/1718"}],"wp:attachment":[{"href":"https:\/\/www.mehrgenerationenhaus-hassfurt.de\/mgh\/wp-json\/wp\/v2\/media?parent=7321"}],"curies":[{"name":"wp","href":"https:\/\/api.w.org\/{rel}","templated":true}]}}